INSERT INTO `clicked_cust_name` (`_id`, `name`) VALUES (1,'');
INSERT INTO `cusotmer_activity_temp_top3` (`_id`, `name`, `phone_no`, `email`, `addr`, `total_amount`, `balance`, `discount_value`, `discount_type`, `approval_rate`) VALUES (1,'','','','',358,'0.0',NULL,NULL,NULL),(2,'','','','',30,'0.0',NULL,NULL,NULL),(3,'Chinmaii','','','',25,'0.0',NULL,NULL,NULL),(4,'','','','',158,'0.0',NULL,NULL,NULL),(6,'Kohler Diamond Cheese Bun Customer ','1','','',60,'60.0',NULL,NULL,NULL),(8,'Bluestone','2','','',3154,'3154.0',NULL,NULL,NULL),(49,'Bluestone ','2','','',30,'1773.0',NULL,NULL,NULL),(59,'Bluestone','2','','',124,'2266.0',NULL,NULL,NULL),(75,'2','2','','',15,'2932.0',NULL,NULL,NULL),(80,'ehc','8888888885','','',15,'15.0',NULL,NULL,NULL),(83,'eux','5555555555','','',25,'25.0',NULL,NULL,NULL);
INSERT INTO `expenses_sales` (`_id`, `expensename`, `price`, `category`, `counterperson_username`, `counterperson_name`, `date`, `time`, `datetimee_new`) VALUES (1,'Worker food','100','Maintenance','Srikanth','Srikanth','17 Sep 2025','02:58 PM','202509171458'),(3,'penoil and salt ','168','Miscellaneous','Srikanth','Srikanth','16 Sep 2025','03:38 PM','202509161538'),(4,'lemon','60','Miscellaneous','Srikanth','Srikanth','16 Sep 2025','03:39 PM','202509161539'),(5,'milk ','158','Miscellaneous','Srikanth','Srikanth','16 Sep 2025','03:40 PM','202509161540'),(6,'rohit rapido ','71','Transportation','Srikanth','Srikanth','16 Sep 2025','03:41 PM','202509161541'),(7,'puff and bun ','410','Utilities','Srikanth','Srikanth','16 Sep 2025','03:41 PM','202509161541'),(8,'milk','650','Miscellaneous','Srikanth','Srikanth','24 Sep 2025','01:24 PM','202509241324'),(9,'Food ','55','Miscellaneous','Srikanth','Srikanth','24 Sep 2025','01:25 PM','202509241325'),(10,'food ( night)','170','Miscellaneous','Srikanth','Srikanth','23 Sep 2025','11:00 PM','202509232300'),(11,'rapido and food','120','Miscellaneous','Srikanth','Srikanth','23 Sep 2025','01:28 PM','202509231328'),(12,'food (mrng)','60','Miscellaneous','Srikanth','Srikanth','23 Sep 2025','01:29 PM','202509231329'),(13,'croissant ','255','Miscellaneous','Srikanth','Srikanth','22 Sep 2025','01:31 PM','202509221331'),(14,'rapido','85','Miscellaneous','Srikanth','Srikanth','22 Sep 2025','04:00 PM','202509221600'),(15,'food','50','Miscellaneous','Srikanth','Srikanth','22 Sep 2025','01:31 PM','202509221331'),(16,'rapido','34','Miscellaneous','Srikanth','Srikanth','22 Sep 2025','01:32 PM','202509221332'),(17,'food (mrng)','50','Miscellaneous','Srikanth','Srikanth','22 Sep 2025','01:32 PM','202509221332'),(18,'lemon and pooja item','100','Miscellaneous','Srikanth','Srikanth','22 Sep 2025','01:33 PM','202509221333'),(19,'milk','500','Miscellaneous','Srikanth','Srikanth','22 Sep 2025','01:33 PM','202509221333'),(20,'milk','500','Miscellaneous','Srikanth','Srikanth','21 Sep 2025','01:34 PM','202509211334'),(21,'bun ','40','Miscellaneous','Srikanth','Srikanth','20 Sep 2025','01:55 PM','202509201355'),(22,'milk','156','Miscellaneous','Srikanth','Srikanth','20 Sep 2025','01:55 PM','202509201355'),(23,'Rohit food ','50','Miscellaneous','Srikanth','Srikanth','19 Sep 2025','01:56 PM','202509191356'),(24,'rohit rapido ','55.51','Miscellaneous','Srikanth','Srikanth','19 Sep 2025','01:56 PM','202509191356'),(26,'rohit rapido ','59','Miscellaneous','Srikanth','Srikanth','24 Sep 2025','03:51 PM','202509241551'),(27,'Rohit food ','50','Miscellaneous','Srikanth','Srikanth','24 Sep 2025','06:01 PM','202509241801'),(28,'rapido and food chandu','120','Miscellaneous','Srikanth','Srikanth','24 Sep 2025','06:01 PM','202509241801'),(29,'chandu food ','70','Miscellaneous','Srikanth','Srikanth','24 Sep 2025','09:23 PM','202509242123'),(30,'rohit food','80','Miscellaneous','Srikanth','Srikanth','24 Sep 2025','09:23 PM','202509242123'),(31,'chandu Food ','65','Miscellaneous','Srikanth','Srikanth','25 Sep 2025','01:11 PM','202509251311'),(32,'puff and toast','250','Miscellaneous','Srikanth','Srikanth','25 Sep 2025','01:11 PM','202509251311'),(33,'porter for puff','100','Miscellaneous','Srikanth','Srikanth','25 Sep 2025','01:11 PM','202509251311'),(34,'Rohit rapido ','54','Miscellaneous','Srikanth','Srikanth','25 Sep 2025','11:06 PM','202509252306'),(35,'Rapido and food ','120','Miscellaneous','Srikanth','Srikanth','25 Sep 2025','11:06 PM','202509252306'),(36,'chandu food','70','Miscellaneous','Srikanth','Srikanth','25 Sep 2025','11:07 PM','202509252307'),(37,'Rohit food ','100','Miscellaneous','Srikanth','Srikanth','25 Sep 2025','11:07 PM','202509252307'),(38,'lemon ','80','Miscellaneous','Srikanth','Srikanth','26 Sep 2025','03:35 PM','202509261535'),(39,'croissant rapido ','60','Miscellaneous','Srikanth','Srikanth','26 Sep 2025','03:35 PM','202509261535'),(40,'rohit rapido ','60','Miscellaneous','Srikanth','Srikanth','26 Sep 2025','03:37 PM','202509261537'),(41,'chandu porter ','70','Miscellaneous','Srikanth','Srikanth','26 Sep 2025','11:33 AM','202509261133'),(42,'chandu food','50','Miscellaneous','Srikanth','Srikanth','26 Sep 2025','11:34 AM','202509261134'),(43,'rohit food','40','Miscellaneous','Srikanth','Srikanth','26 Sep 2025','11:35 AM','202509261135'),(44,'Bun porter ','60','Miscellaneous','Srikanth','Srikanth','26 Sep 2025','11:36 AM','202509261136'),(45,'chandu food','60','Miscellaneous','Srikanth','Srikanth','26 Sep 2025','11:36 AM','202509261136'),(46,'rohit food','80','Miscellaneous','Srikanth','Srikanth','26 Sep 2025','11:37 AM','202509261137'),(47,'Rohit food','80','Rent','Srikanth','Srikanth','27 Sep 2025','11:37 AM','202509271137'),(48,'milk','544','Miscellaneous','Srikanth','Srikanth','28 Sep 2025','11:38 AM','202509281138'),(49,'rapido','66','Miscellaneous','Srikanth','Srikanth','28 Sep 2025','11:38 AM','202509281138'),(50,'Food','50','Miscellaneous','Srikanth','Srikanth','28 Sep 2025','11:39 AM','202509281139'),(51,'ice cream ','230','Miscellaneous','Srikanth','Srikanth','28 Sep 2025','11:39 AM','202509281139'),(52,'rapido ','58','Miscellaneous','Srikanth','Srikanth','29 Sep 2025','11:39 AM','202509291139'),(53,'Rohit food ','50','Miscellaneous','Srikanth','Srikanth','29 Sep 2025','11:40 AM','202509291140'),(54,'Rapido and food ','120','Miscellaneous','Srikanth','Srikanth','29 Sep 2025','11:40 AM','202509291140'),(55,'Puff and croissant ','486','Miscellaneous','Srikanth','Srikanth','29 Sep 2025','11:40 AM','202509291140'),(56,'Garbage cover ','540','Miscellaneous','Srikanth','Srikanth','30 Sep 2025','11:41 AM','202509301141'),(57,'rohit rapido ','57','Miscellaneous','Srikanth','Srikanth','30 Sep 2025','11:41 AM','202509301141'),(58,'food','40','Miscellaneous','Srikanth','Srikanth','30 Sep 2025','11:42 AM','202509301142'),(59,' Food and rapido c','120','Miscellaneous','Srikanth','Srikanth','30 Sep 2025','11:42 AM','202509301142'),(60,'food','80','Miscellaneous','Srikanth','Srikanth','30 Sep 2025','11:43 AM','202509301143'),(61,'Rohit rapido ','61','Miscellaneous','Srikanth','Srikanth','01 Oct 2025','11:43 AM','202510011143'),(62,'puff and croissant ','486','Miscellaneous','Srikanth','Srikanth','02 Oct 2025','01:31 PM','202510021331'),(63,'Chocolate syrup and ice cream ','530','Miscellaneous','Srikanth','Srikanth','02 Oct 2025','11:45 AM','202510021145'),(64,'milk ','104','Miscellaneous','Srikanth','Srikanth','02 Oct 2025','11:46 AM','202510021146'),(65,'food','70','Miscellaneous','Srikanth','Srikanth','02 Oct 2025','11:47 AM','202510021147'),(66,'food','65','Miscellaneous','Srikanth','Srikanth','03 Oct 2025','11:47 AM','202510031147'),(67,'Ginger ','60','Miscellaneous','Srikanth','Srikanth','03 Oct 2025','02:50 AM','202510030250'),(68,'Rohit rapido ','67','Miscellaneous','Srikanth','Srikanth','03 Oct 2025','04:20 AM','202510030420'),(69,'Bun and croissant ','888','Miscellaneous','Srikanth','Srikanth','03 Oct 2025','08:35 AM','202510030835'),(70,'Rohit rapido ','81','Miscellaneous','Srikanth','Srikanth','04 Oct 2025','10:52 AM','202510041052'),(71,'lemon ','100','Miscellaneous','Srikanth','Srikanth','04 Oct 2025','10:17 AM','202510041017'),(72,'Rohit rapido ','55','Miscellaneous','Srikanth','Srikanth','04 Oct 2025','12:16 AM','202510040016'),(73,'tea and Badam powder ','989','Miscellaneous','Srikanth','Srikanth','04 Oct 2025','08:00 PM','202510042000'),(74,'chandu food and rapido cash','150','Miscellaneous','Srikanth','Srikanth','04 Oct 2025','06:09 PM','202510041809'),(75,'rohit rapido ','61','Miscellaneous','Srikanth','Srikanth','05 Oct 2025','04:11 PM','202510051611'),(76,'water ','199','Miscellaneous','Srikanth','Srikanth','06 Oct 2025','11:32 AM','202510061132'),(77,'puff and Toast ','405','Miscellaneous','Srikanth','Srikanth','06 Oct 2025','02:13 PM','202510061413'),(78,'puff and toast','275','Miscellaneous','Srikanth','Srikanth','07 Oct 2025','06:12 PM','202510071812'),(79,'rohit food ','75','Miscellaneous','Srikanth','Srikanth','07 Oct 2025','09:27 PM','202510072127'),(80,'lemon ','50','Miscellaneous','Srikanth','Srikanth','08 Oct 2025','11:50 AM','202510081150'),(81,'rohit food','50','Miscellaneous','Srikanth','Srikanth','08 Oct 2025','03:37 PM','202510081537'),(82,'rohit food','75','Miscellaneous','Srikanth','Srikanth','08 Oct 2025','09:53 PM','202510082153'),(83,'rohit rapido ','83','Miscellaneous','Srikanth','Srikanth','09 Oct 2025','10:22 AM','202510091022'),(84,'rohit food ','40','Miscellaneous','Srikanth','Srikanth','09 Oct 2025','10:53 AM','202510091053'),(85,'bun','60','Miscellaneous','Srikanth','Srikanth','09 Oct 2025','01:27 AM','202510090127'),(86,'milk','544','Miscellaneous','Srikanth','Srikanth','10 Oct 2025','07:05 AM','202510100705'),(87,'rohit food','50','Miscellaneous','Srikanth','Srikanth','10 Oct 2025','02:13 AM','202510100213'),(88,'milk','156','Miscellaneous','Srikanth','Srikanth','10 Oct 2025','05:59 PM','202510101759'),(89,'Shop rent','30000','Rent','Srikanth','Srikanth','03 Oct 2025','08:02 PM','202510032002'),(90,'rohit food ','90','Miscellaneous','Srikanth','Srikanth','10 Oct 2025','09:00 PM','202510102100'),(91,'rapido ','76','Miscellaneous','Srikanth','Srikanth','10 Oct 2025','11:30 PM','202510102330'),(92,'warmer switch ','130','Miscellaneous','Srikanth','Srikanth','11 Oct 2025','07:44 PM','202510111944'),(93,'milk','104','Miscellaneous','Srikanth','Srikanth','11 Oct 2025','08:45 PM','202510112045'),(94,'honey ','222','Miscellaneous','Srikanth','Srikanth','11 Oct 2025','08:36 PM','202510112036'),(95,'r food','80','Miscellaneous','Srikanth','Srikanth','11 Oct 2025','09:30 PM','202510112130'),(96,'milk','544','Miscellaneous','Srikanth','Srikanth','12 Oct 2025','07:01 PM','202510121901'),(97,'puff and toast ','300','Miscellaneous','Srikanth','Srikanth','12 Oct 2025','11:51 AM','202510121151'),(98,'samosa ','300','Miscellaneous','Srikanth','Srikanth','12 Oct 2025','12:23 PM','202510121223'),(99,'lemon and mint ','100','Miscellaneous','Srikanth','Srikanth','12 Oct 2025','12:35 PM','202510121235'),(100,'food','50','Miscellaneous','Srikanth','Srikanth','12 Oct 2025','03:00 PM','202510121500'),(101,'rapido ','62','Miscellaneous','Srikanth','Srikanth','12 Oct 2025','04:11 PM','202510121611'),(102,'food','50','Miscellaneous','Srikanth','Srikanth','12 Oct 2025','09:22 PM','202510122122'),(103,'milk','500','Miscellaneous','Srikanth','Srikanth','09 Oct 2025','11:45 PM','202510092345'),(104,'milk','500','Miscellaneous','Srikanth','Srikanth','11 Oct 2025','12:00 AM','202510110000'),(105,'champak','80','Miscellaneous','Srikanth','Srikanth','14 Oct 2025','10:20 AM','202510141020'),(106,'milk','470','Miscellaneous','Srikanth','Srikanth','14 Oct 2025','07:00 AM','202510140700'),(107,'croissant ','810','Miscellaneous','Srikanth','Srikanth','14 Oct 2025','11:19 AM','202510141119'),(108,'puff and bun ','300','Miscellaneous','Srikanth','Srikanth','14 Oct 2025','12:05 AM','202510140005'),(109,'porter ','58','Miscellaneous','Srikanth','Srikanth','14 Oct 2025','12:04 PM','202510141204'),(110,'food ','40','Miscellaneous','Srikanth','Srikanth','14 Oct 2025','02:51 PM','202510141451'),(111,'pan box jar ','840','Miscellaneous','Srikanth','Srikanth','14 Oct 2025','03:36 PM','202510141536'),(112,'lemon tea powder ','4500','Miscellaneous','Srikanth','Srikanth','15 Oct 2025','01:06 PM','202510151306'),(113,'milk','544','Miscellaneous','Srikanth','Srikanth','14 Oct 2025','01:06 PM','202510141306'),(114,'rohit food','50','Miscellaneous','Srikanth','Srikanth','15 Oct 2025','01:07 PM','202510151307'),(115,'garbage ','1000','Miscellaneous','Srikanth','Srikanth','15 Oct 2025','01:08 PM','202510151308'),(116,'rohit food ','74','Miscellaneous','Srikanth','Srikanth','15 Oct 2025','01:08 PM','202510151308'),(117,'food','50','Miscellaneous','Srikanth','Srikanth','16 Oct 2025','01:08 PM','202510161308'),(118,'puff and toast ','250','Miscellaneous','Srikanth','Srikanth','16 Oct 2025','01:08 PM','202510161308'),(119,'milk','150','Miscellaneous','Srikanth','Srikanth','16 Oct 2025','01:09 PM','202510161309'),(120,'Food ','61','Miscellaneous','Srikanth','Srikanth','16 Oct 2025','01:09 PM','202510161309'),(121,'rapido ','73','Miscellaneous','Srikanth','Srikanth','16 Oct 2025','01:09 PM','202510161309'),(122,'puff','150','Miscellaneous','Srikanth','Srikanth','17 Oct 2025','01:10 PM','202510171310'),(123,'food','50','Miscellaneous','Srikanth','Srikanth','17 Oct 2025','01:10 PM','202510171310'),(124,'water purifier ','885','Miscellaneous','Srikanth','Srikanth','17 Oct 2025','01:10 PM','202510171310'),(125,'food','80','Miscellaneous','Srikanth','Srikanth','17 Oct 2025','01:11 PM','202510171311'),(126,'rapido','45','Miscellaneous','Srikanth','Srikanth','17 Oct 2025','01:11 PM','202510171311'),(127,'food','50','Miscellaneous','Srikanth','Srikanth','18 Oct 2025','01:11 PM','202510181311'),(128,'bun','100','Miscellaneous','Srikanth','Srikanth','18 Oct 2025','01:12 PM','202510181312'),(129,'milk','208','Miscellaneous','Srikanth','Srikanth','18 Oct 2025','01:12 PM','202510181312'),(130,'milk','208','Miscellaneous','Srikanth','Srikanth','18 Oct 2025','01:12 PM','202510181312'),(131,'good','92','Miscellaneous','Srikanth','Srikanth','18 Oct 2025','01:14 PM','202510181314'),(132,'lemon ','100','Miscellaneous','Srikanth','Srikanth','18 Oct 2025','01:14 PM','202510181314'),(133,'rapido ','81','Miscellaneous','Srikanth','Srikanth','18 Oct 2025','01:15 PM','202510181315'),(134,'puff tost bun','700','Miscellaneous','Srikanth','Srikanth','19 Oct 2025','01:15 PM','202510191315'),(135,'milk and rapido ','820','Miscellaneous','Srikanth','Srikanth','19 Oct 2025','01:15 PM','202510191315'),(136,'milk','312','Miscellaneous','Srikanth','Srikanth','19 Oct 2025','01:16 PM','202510191316'),(137,'rapido ','81','Miscellaneous','Srikanth','Srikanth','19 Oct 2025','01:16 PM','202510191316'),(138,'food ','95','Miscellaneous','Srikanth','Srikanth','19 Oct 2025','01:16 PM','202510191316'),(139,'rapido ','75','Miscellaneous','Srikanth','Srikanth','20 Oct 2025','01:17 PM','202510201317'),(140,'puff and toast ','300','Miscellaneous','Srikanth','Srikanth','20 Oct 2025','01:24 PM','202510201324'),(141,'butter ','2900','Miscellaneous','Srikanth','Srikanth','20 Oct 2025','01:24 PM','202510201324'),(142,'food','50','Miscellaneous','Srikanth','Srikanth','20 Oct 2025','01:25 PM','202510201325'),(143,'cookies ','394','Miscellaneous','Srikanth','Srikanth','20 Oct 2025','01:25 PM','202510201325'),(144,'food','50','Miscellaneous','Srikanth','Srikanth','21 Oct 2025','01:25 PM','202510211325'),(145,'baky ','606','Miscellaneous','Srikanth','Srikanth','21 Oct 2025','01:26 PM','202510211326'),(146,'food','95','Miscellaneous','Srikanth','Srikanth','21 Oct 2025','01:26 PM','202510211326'),(147,'lemon and flowers ','100','Miscellaneous','Srikanth','Srikanth','22 Oct 2025','01:27 PM','202510221327'),(148,'honey ','337','Miscellaneous','Srikanth','Srikanth','22 Oct 2025','01:27 PM','202510221327'),(149,'puff','120','Miscellaneous','Srikanth','Srikanth','22 Oct 2025','01:27 PM','202510221327'),(150,'food','50','Miscellaneous','Srikanth','Srikanth','22 Oct 2025','01:28 PM','202510221328'),(151,'food ','80','Miscellaneous','Srikanth','Srikanth','22 Oct 2025','01:28 PM','202510221328'),(152,'milk','210','Miscellaneous','Srikanth','Srikanth','24 Oct 2025','01:28 PM','202510241328'),(153,'rapido ','80','Miscellaneous','Srikanth','Srikanth','24 Oct 2025','01:29 PM','202510241329'),(154,'food','70','Miscellaneous','Srikanth','Srikanth','19 Oct 2025','01:29 PM','202510191329'),(155,'food','50','Miscellaneous','Srikanth','Srikanth','20 Oct 2025','01:30 PM','202510201330'),(156,'rapudo','78','Miscellaneous','Srikanth','Srikanth','22 Oct 2025','01:30 PM','202510221330'),(157,'milk','432','Miscellaneous','Srikanth','Srikanth','22 Oct 2025','01:30 PM','202510221330'),(158,'rapido','77','Miscellaneous','Srikanth','Srikanth','21 Oct 2025','01:31 PM','202510211331'),(159,'milk','544','Miscellaneous','Srikanth','Srikanth','21 Oct 2025','01:32 PM','202510211332'),(160,'milk','760','Miscellaneous','Srikanth','Srikanth','20 Oct 2025','01:32 PM','202510201332'),(161,'milk','208','Miscellaneous','Srikanth','Srikanth','22 Oct 2025','01:32 PM','202510221332'),(162,'milk','216','Miscellaneous','Srikanth','Srikanth','23 Oct 2025','01:33 PM','202510231333'),(163,'milk','596','Miscellaneous','Srikanth','Srikanth','24 Oct 2025','01:33 PM','202510241333'),(164,'milk','544','Miscellaneous','Srikanth','Srikanth','23 Oct 2025','01:33 PM','202510231333'),(165,'food','50','Miscellaneous','Srikanth','Srikanth','24 Oct 2025','01:34 PM','202510241334'),(166,'puff and toast ','229','Miscellaneous','Srikanth','Srikanth','24 Oct 2025','01:34 PM','202510241334'),(167,'puff and bun ','216','Miscellaneous','Srikanth','Srikanth','25 Oct 2025','01:34 PM','202510251334'),(168,'toast','125','Miscellaneous','Srikanth','Srikanth','25 Oct 2025','01:35 PM','202510251335'),(169,'bun','60','Miscellaneous','Srikanth','Srikanth','25 Oct 2025','01:37 PM','202510251337'),(170,'zepto','445','Miscellaneous','Srikanth','Srikanth','25 Oct 2025','01:38 PM','202510251338'),(171,'baky','606','Miscellaneous','Srikanth','Srikanth','25 Oct 2025','01:38 PM','202510251338'),(172,'milk','287','Miscellaneous','Srikanth','Srikanth','25 Oct 2025','01:38 PM','202510251338'),(173,'milk','648','Miscellaneous','Srikanth','Srikanth','26 Oct 2025','01:39 PM','202510261339'),(174,'rapido','65','Miscellaneous','Srikanth','Srikanth','26 Oct 2025','01:39 PM','202510261339'),(175,'zepto ','274','Miscellaneous','Srikanth','Srikanth','26 Oct 2025','01:40 PM','202510261340'),(176,'food','50','Miscellaneous','Srikanth','Srikanth','26 Oct 2025','01:40 PM','202510261340'),(177,'milk','260','Miscellaneous','Srikanth','Srikanth','26 Oct 2025','01:40 PM','202510261340'),(178,'milk','208','Miscellaneous','Srikanth','Srikanth','26 Oct 2025','01:41 PM','202510261341'),(179,'puff and toast ','380','Miscellaneous','Srikanth','Srikanth','27 Oct 2025','01:41 PM','202510271341'),(180,'milk','500','Miscellaneous','Srikanth','Srikanth','27 Oct 2025','01:42 PM','202510271342'),(181,'food','50','Miscellaneous','Srikanth','Srikanth','27 Oct 2025','01:42 PM','202510271342'),(182,'baky','768','Miscellaneous','Srikanth','Srikanth','27 Oct 2025','01:42 PM','202510271342'),(183,'rapido ','59','Miscellaneous','Srikanth','Srikanth','27 Oct 2025','01:43 PM','202510271343'),(184,'food','70','Miscellaneous','Srikanth','Srikanth','27 Oct 2025','01:43 PM','202510271343'),(185,'food','50','Miscellaneous','Srikanth','Srikanth','28 Oct 2025','01:44 PM','202510281344'),(186,'milk','500','Miscellaneous','Srikanth','Srikanth','28 Oct 2025','11:59 AM','202510281159'),(187,'food rohit ','80','Miscellaneous','Srikanth','Srikanth','28 Oct 2025','11:59 AM','202510281159'),(188,'food ','50','Miscellaneous','Srikanth','Srikanth','29 Oct 2025','12:00 PM','202510291200'),(189,'puff and toast ','255','Miscellaneous','Srikanth','Srikanth','29 Oct 2025','12:00 PM','202510291200'),(190,'Butter ','2900','Miscellaneous','Srikanth','Srikanth','29 Oct 2025','12:44 PM','202510291244'),(191,'baky','768','Miscellaneous','Srikanth','Srikanth','29 Oct 2025','12:47 PM','202510291247'),(192,'milk','700','Miscellaneous','Srikanth','Srikanth','29 Oct 2025','12:48 PM','202510291248'),(193,'milk','700','Miscellaneous','Srikanth','Srikanth','30 Oct 2025','12:48 PM','202510301248'),(194,'scoup ','180','Miscellaneous','Srikanth','Srikanth','30 Oct 2025','12:49 PM','202510301249'),(195,'puff and toast ','240','Miscellaneous','Srikanth','Srikanth','30 Oct 2025','12:49 PM','202510301249'),(196,'lemon and ginger ','280','Miscellaneous','Srikanth','Srikanth','30 Oct 2025','12:50 PM','202510301250'),(197,'food','50','Miscellaneous','Srikanth','Srikanth','30 Oct 2025','12:50 PM','202510301250'),(198,'milk','156','Miscellaneous','Srikanth','Srikanth','30 Oct 2025','12:51 PM','202510301251'),(199,'mint','30','Miscellaneous','Srikanth','Srikanth','31 Oct 2025','12:51 PM','202510311251'),(200,'agarbatti ','150','Miscellaneous','Srikanth','Srikanth','31 Oct 2025','12:51 PM','202510311251'),(201,'hand gloves ','120','Miscellaneous','Srikanth','Srikanth','31 Oct 2025','12:52 PM','202510311252'),(202,'puff and toast ','240','Miscellaneous','Srikanth','Srikanth','31 Oct 2025','12:52 PM','202510311252'),(203,'flowers ','20','Miscellaneous','Srikanth','Srikanth','31 Oct 2025','12:53 PM','202510311253'),(204,'lemon ','100','Miscellaneous','Srikanth','Srikanth','31 Oct 2025','12:53 PM','202510311253'),(205,'garbage cover ','370','Miscellaneous','Srikanth','Srikanth','31 Oct 2025','12:54 PM','202510311254'),(206,'food','50','Miscellaneous','Srikanth','Srikanth','01 Nov 2025','12:54 PM','202511011254'),(207,'puff and toast ','240','Miscellaneous','Srikanth','Srikanth','01 Nov 2025','12:55 PM','202511011255'),(208,'rapido ','61','Miscellaneous','Srikanth','Srikanth','31 Oct 2025','12:55 PM','202510311255'),(209,'food','80','Miscellaneous','Srikanth','Srikanth','31 Oct 2025','12:56 PM','202510311256'),(210,'food','50','Miscellaneous','Srikanth','Srikanth','31 Oct 2025','12:56 PM','202510311256'),(211,'milk','640','Miscellaneous','Srikanth','Srikanth','02 Nov 2025','12:56 PM','202511021256'),(212,'samosa ','525','Miscellaneous','Srikanth','Srikanth','02 Nov 2025','12:57 PM','202511021257'),(213,'rapido ','63','Miscellaneous','Srikanth','Srikanth','02 Nov 2025','12:57 PM','202511021257'),(214,'milk','700','Miscellaneous','Srikanth','Srikanth','01 Nov 2025','12:59 PM','202511011259'),(215,'bun and ','245','Miscellaneous','Srikanth','Srikanth','02 Nov 2025','12:59 PM','202511021259'),(216,'puff and toast ','240','Miscellaneous','Srikanth','Srikanth','02 Nov 2025','12:57 PM','202511021257'),(217,'blink it ','232','Miscellaneous','Srikanth','Srikanth','03 Nov 2025','01:02 PM','202511031302'),(218,'bun ','140','Miscellaneous','Srikanth','Srikanth','02 Nov 2025','01:02 PM','202511021302'),(219,'milk','156','Miscellaneous','Srikanth','Srikanth','02 Nov 2025','01:03 PM','202511021303'),(220,'food','80','Miscellaneous','Srikanth','Srikanth','02 Nov 2025','01:03 PM','202511021303'),(221,'milk','708','Miscellaneous','Srikanth','Srikanth','03 Nov 2025','01:04 PM','202511031304'),(222,'puff and toast ','230','Miscellaneous','Srikanth','Srikanth','03 Nov 2025','01:04 PM','202511031304'),(223,'baky','768','Miscellaneous','Srikanth','Srikanth','03 Nov 2025','01:04 PM','202511031304'),(224,'food','50','Miscellaneous','Srikanth','Srikanth','03 Nov 2025','01:04 PM','202511031304'),(225,'milk','156','Miscellaneous','Srikanth','Srikanth','03 Nov 2025','01:05 PM','202511031305'),(226,'food','70','Miscellaneous','Srikanth','Srikanth','03 Nov 2025','01:05 PM','202511031305'),(227,'milk','700','Miscellaneous','Srikanth','Srikanth','04 Nov 2025','01:05 PM','202511041305'),(228,'puff and toast ','240','Miscellaneous','Srikanth','Srikanth','04 Nov 2025','01:05 PM','202511041305'),(229,'milk','700','Miscellaneous','Srikanth','Srikanth','05 Nov 2025','01:06 PM','202511051306'),(230,'rapido ','77','Miscellaneous','Srikanth','Srikanth','05 Nov 2025','02:00 PM','202511051400'),(231,'baky','768','Miscellaneous','Srikanth','Srikanth','05 Nov 2025','02:00 PM','202511051400'),(232,'milk','156','Miscellaneous','Srikanth','Srikanth','05 Nov 2025','02:00 PM','202511051400'),(233,'lemon','100','Miscellaneous','Srikanth','Srikanth','05 Nov 2025','02:01 PM','202511051401'),(234,'food','50','Miscellaneous','Srikanth','Srikanth','05 Nov 2025','02:01 PM','202511051401'),(235,'puff and toast ','290','Miscellaneous','Srikanth','Srikanth','05 Nov 2025','02:01 PM','202511051401'),(236,'puff and toast ','240','Miscellaneous','Srikanth','Srikanth','06 Nov 2025','02:01 PM','202511061401'),(237,'sushil ','4000','Miscellaneous','Srikanth','Srikanth','05 Nov 2025','02:08 PM','202511051408'),(238,'food','50','Miscellaneous','Srikanth','Srikanth','06 Nov 2025','02:10 PM','202511061410'),(239,'futura menu card etc','1550','Miscellaneous','Srikanth','Srikanth','06 Nov 2025','02:10 PM','202511061410'),(240,'milk','700','Miscellaneous','Srikanth','Srikanth','06 Nov 2025','02:11 PM','202511061411'),(241,'milk','208','Miscellaneous','Srikanth','Srikanth','06 Nov 2025','02:11 PM','202511061411'),(242,'food','80','Miscellaneous','Srikanth','Srikanth','06 Nov 2025','02:11 PM','202511061411'),(243,'zepto','638','Miscellaneous','Srikanth','Srikanth','07 Nov 2025','02:11 PM','202511071411'),(244,'puff and toast ','240','Miscellaneous','Srikanth','Srikanth','07 Nov 2025','02:12 PM','202511071412'),(245,'rapido ','75','Miscellaneous','Srikanth','Srikanth','06 Nov 2025','02:12 PM','202511061412'),(246,'milk','700','Miscellaneous','Srikanth','Srikanth','07 Nov 2025','02:12 PM','202511071412'),(247,'baky','180','Miscellaneous','Srikanth','Srikanth','08 Nov 2025','02:13 PM','202511081413'),(248,'mili','208','Miscellaneous','Srikanth','Srikanth','08 Nov 2025','02:13 PM','202511081413'),(249,'zepto Hot chocolate powder ','693','Miscellaneous','Srikanth','Srikanth','08 Nov 2025','02:13 PM','202511081413'),(250,'puff and toast ','240','Miscellaneous','Srikanth','Srikanth','08 Nov 2025','02:14 PM','202511081414'),(251,'milk','596','Miscellaneous','Srikanth','Srikanth','09 Nov 2025','02:14 PM','202511091414'),(252,'bbmp garbage pic','500','Miscellaneous','Srikanth','Srikanth','09 Nov 2025','02:15 PM','202511091415'),(253,'puff and toast ','240','Miscellaneous','Srikanth','Srikanth','09 Nov 2025','02:15 PM','202511091415'),(254,'chocolate syrup ','250','Miscellaneous','Srikanth','Srikanth','17 Sep 2025','02:58 PM','202509171458'),(255,'milk','260','Miscellaneous','Srikanth','Srikanth','09 Nov 2025','02:16 PM','202511091416'),(256,'lemon','50','Miscellaneous','Srikanth','Srikanth','10 Nov 2025','02:17 PM','202511101417'),(257,'puff and toast ','240','Miscellaneous','Srikanth','Srikanth','10 Nov 2025','02:17 PM','202511101417'),(258,'rent ','3000','Rent','Srikanth','Srikanth','10 Nov 2025','02:17 PM','202511101417'),(259,'butter ','1475','Miscellaneous','Srikanth','Srikanth','12 Nov 2025','02:18 PM','202511121418'),(260,'milk','156','Miscellaneous','Srikanth','Srikanth','10 Nov 2025','02:18 PM','202511101418'),(261,'milk','700','Miscellaneous','Srikanth','Srikanth','10 Nov 2025','02:19 PM','202511101419'),(262,'karpura','80','Miscellaneous','Srikanth','Srikanth','11 Nov 2025','02:19 PM','202511111419'),(263,'milk','700','Miscellaneous','Srikanth','Srikanth','11 Nov 2025','02:19 PM','202511111419'),(264,'rapido ','85','Miscellaneous','Srikanth','Srikanth','11 Nov 2025','02:20 PM','202511111420'),(265,'baky','766','Miscellaneous','Srikanth','Srikanth','11 Nov 2025','02:20 PM','202511111420'),(266,'food','90','Miscellaneous','Srikanth','Srikanth','11 Nov 2025','02:20 PM','202511111420'),(267,'lemon and ginger ','160','Miscellaneous','Srikanth','Srikanth','12 Nov 2025','02:20 PM','202511121420'),(268,'milk','700','Miscellaneous','Srikanth','Srikanth','12 Nov 2025','02:21 PM','202511121421'),(269,'rohit ','85','Miscellaneous','Srikanth','Srikanth','12 Nov 2025','02:21 PM','202511121421'),(270,'food','50','Miscellaneous','Srikanth','Srikanth','12 Nov 2025','02:21 PM','202511121421'),(271,'food','95','Miscellaneous','Srikanth','Srikanth','12 Nov 2025','02:22 PM','202511121422'),(272,'milk','208','Miscellaneous','Srikanth','Srikanth','12 Nov 2025','02:22 PM','202511121422'),(273,'bbmp','1000','Miscellaneous','Srikanth','Srikanth','13 Nov 2025','02:22 PM','202511131422'),(274,'milk','700','Miscellaneous','Srikanth','Srikanth','13 Nov 2025','02:23 PM','202511131423'),(275,'boiler ','1000','Miscellaneous','Srikanth','Srikanth','13 Nov 2025','08:41 PM','202511132041'),(276,'caramel syrup ','210','Miscellaneous','Srikanth','Srikanth','13 Nov 2025','08:42 PM','202511132042'),(277,'ice cream ','243','Miscellaneous','Srikanth','Srikanth','13 Nov 2025','08:42 PM','202511132042'),(278,'elaichi powder ','338','Miscellaneous','Srikanth','Srikanth','13 Nov 2025','08:43 PM','202511132043'),(279,'milk','156','Miscellaneous','Srikanth','Srikanth','13 Nov 2025','08:43 PM','202511132043'),(280,'rapido ','95','Miscellaneous','Srikanth','Srikanth','13 Nov 2025','08:43 PM','202511132043'),(281,'hot chocolate powder ','270','Miscellaneous','Srikanth','Srikanth','13 Nov 2025','08:44 PM','202511132044'),(282,'rohit rapido ','62','Miscellaneous','Srikanth','Srikanth','13 Nov 2025','08:44 PM','202511132044'),(283,'baky','130','Miscellaneous','Srikanth','Srikanth','14 Nov 2025','08:45 PM','202511142045'),(284,'rapido ','88','Miscellaneous','Srikanth','Srikanth','14 Nov 2025','08:45 PM','202511142045'),(285,'milk','700','Miscellaneous','Srikanth','Srikanth','14 Nov 2025','08:45 PM','202511142045'),(286,'ginger lemon mint','138','Miscellaneous','Srikanth','Srikanth','14 Nov 2025','08:46 PM','202511142046'),(287,'puff and toast ','174','Miscellaneous','Srikanth','Srikanth','14 Nov 2025','08:46 PM','202511142046'),(288,'milk','156','Miscellaneous','Srikanth','Srikanth','14 Nov 2025','08:47 PM','202511142047'),(289,'food rohit ','90','Miscellaneous','Srikanth','Srikanth','14 Nov 2025','08:47 PM','202511142047'),(290,'rapido ','80','Miscellaneous','Srikanth','Srikanth','14 Nov 2025','08:47 PM','202511142047'),(291,'hot chocolate powder ','521','Miscellaneous','Srikanth','Srikanth','14 Nov 2025','08:48 PM','202511142048'),(292,'milk','700','Miscellaneous','Srikanth','Srikanth','14 Nov 2025','08:48 PM','202511142048'),(293,'rohit rapido ','65','Miscellaneous','Srikanth','Srikanth','15 Nov 2025','08:48 PM','202511152048'),(294,'puff and toast ','268','Miscellaneous','Srikanth','Srikanth','15 Nov 2025','08:49 PM','202511152049'),(295,'food','50','Miscellaneous','Srikanth','Srikanth','15 Nov 2025','08:49 PM','202511152049'),(296,'blink it ','239','Miscellaneous','Srikanth','Srikanth','15 Nov 2025','08:49 PM','202511152049'),(297,'milk','260','Miscellaneous','Srikanth','Srikanth','15 Nov 2025','08:49 PM','202511152049'),(298,'pole installation ','500','Miscellaneous','Srikanth','Srikanth','15 Nov 2025','08:50 PM','202511152050'),(299,'brownie and bun','510','Miscellaneous','Srikanth','Srikanth','15 Nov 2025','08:50 PM','202511152050'),(300,'coffee powder ','4703','Miscellaneous','Srikanth','Srikanth','15 Nov 2025','08:52 PM','202511152052'),(301,'coffee powder ','500','Miscellaneous','Srikanth','Srikanth','16 Nov 2025','08:53 PM','202511162053'),(302,'milk','700','Miscellaneous','Srikanth','Srikanth','16 Nov 2025','08:53 PM','202511162053'),(303,'puff and toast ','240','Miscellaneous','Srikanth','Srikanth','16 Nov 2025','08:53 PM','202511162053'),(304,'samosa ','945','Miscellaneous','Srikanth','Srikanth','16 Nov 2025','08:54 PM','202511162054'),(305,'rapido ','66','Miscellaneous','Srikanth','Srikanth','16 Nov 2025','08:54 PM','202511162054'),(306,'lemon ','60','Miscellaneous','Srikanth','Srikanth','16 Nov 2025','08:54 PM','202511162054'),(307,'milk','156','Miscellaneous','Srikanth','Srikanth','16 Nov 2025','08:55 PM','202511162055'),(308,'coffee powder ','500','Miscellaneous','Srikanth','Srikanth','17 Nov 2025','08:55 PM','202511172055'),(309,'milk','700','Miscellaneous','Srikanth','Srikanth','17 Nov 2025','08:55 PM','202511172055'),(310,'puff toast ','240','Miscellaneous','Srikanth','Srikanth','17 Nov 2025','08:55 PM','202511172055'),(311,'milk','156','Miscellaneous','Srikanth','Srikanth','17 Nov 2025','08:56 PM','202511172056');
INSERT INTO `itemdata` (`_id`, `itemname`, `total`) VALUES (1,'Dakshin Drip Coffee ',102),(2,'Classic Tea',126),(3,'Cold Coffee ',79),(4,'Croissant ',105),(5,'Dakshin Drip Coffee ',180),(6,'Dry Fruit Cookies ',25),(7,'Ginger Tea',63),(8,'Lemon Tea',42),(9,'Osmania Cookie ',15),(10,'Premium Drip Coffee ',36),(11,'Veg puff',60),(12,'Veg puff',90),(13,'Premium Drip Coffee ',36),(14,'Veg puff',60),(15,'Premium Drip Coffee ',36),(16,'Veg puff',90),(17,'Veg puff',120),(18,'Hazelnut Drip ',396),(19,'Honey Lemon Tea',50),(20,'Horlicks ',66),(21,'Hot Chocolate ',395),(22,'Kara bun',90),(23,'Lemon Tea',264),(24,'Osmania Cookie ',45),(25,'Plain milk',25),(26,'Premium Drip Coffee ',270),(27,'Veg puff',240),(28,'Plain milk',25),(29,'Premium Drip Coffee ',558),(30,'Veg puff',510),(31,'Premium Drip Coffee ',1062),(32,'Veg puff',720),(33,'Plain milk',25),(34,'Premium Drip Coffee ',1170),(35,'Rusk ',10),(36,'Veg puff',810),(37,'coffee mocha',39),(38,'rusk',25),(39,'coffee with cookies ',36),(40,'rusk',75),(41,'rusk',75),(42,'coffee with cookies ',36),(43,'mini T',15),(44,'parcel charges ',15),(45,'rusk',75),(46,'rusk',75),(47,'rusk',75),(48,'parcel charges ',20),(49,'rusk',75),(50,'samosa ',25),(51,'badam milk ',75),(52,'coffee with cookies ',36),(53,'mini T',15465),(54,'parcel charges ',170),(55,'rusk',20),(56,'samosa',220),(57,'samosa ',2425);
INSERT INTO `itemwiseorderlistcategory` (`_id`, `itemno`, `categoryname`, `sales`, `salespercentage`, `itemtotalquan`) VALUES (1,NULL,'Coffee',2307,39,'73'),(2,NULL,'Cold Beverages ',881,15,'10'),(3,NULL,'Hot Beverages',523,9,'11'),(4,NULL,'Snacks ',835,14,'27'),(5,NULL,'Tea',1230,21,'54'),(6,NULL,'cookies',120,2,'24'),(7,NULL,'Tea',755,15,'35'),(8,NULL,'cookies',80,2,'16'),(9,NULL,'parcel ',10,0,'2');
INSERT INTO `itemwiseorderlistitems` (`_id`, `itemno`, `itemname`, `sales`, `salespercentage`, `itemtotalquan`, `category`, `i_buying_price`, `mi_buying_price`, `i_cost_value`, `i_cost_percent`, `mi_cost_value`, `mi_cost_percent`, `barcode_value`) VALUES (1,'41','Dakshin Drip Coffee ',102,100,'3','Coffee',NULL,NULL,NULL,NULL,NULL,NULL,NULL),(2,'44','Classic Tea',126,17,'6','Tea',NULL,NULL,NULL,NULL,NULL,NULL,NULL),(3,'57','Cold Coffee ',79,10,'1','Cold Beverages ',NULL,NULL,NULL,NULL,NULL,NULL,NULL),(4,'66','Croissant ',105,14,'3','Snacks ',NULL,NULL,NULL,NULL,NULL,NULL,NULL),(5,'41','Dakshin Drip Coffee ',180,24,'6','Coffee',NULL,NULL,NULL,NULL,NULL,NULL,NULL),(6,'70','Dry Fruit Cookies ',25,3,'5','cookies',NULL,NULL,NULL,NULL,NULL,NULL,NULL),(7,'45','Ginger Tea',63,8,'3','Tea',NULL,NULL,NULL,NULL,NULL,NULL,NULL),(8,'46','Lemon Tea',42,6,'2','Tea',NULL,NULL,NULL,NULL,NULL,NULL,NULL),(9,'69','Osmania Cookie ',15,2,'3','cookies',NULL,NULL,NULL,NULL,NULL,NULL,NULL),(10,'42','Premium Drip Coffee ',36,5,'1','Coffee',NULL,NULL,NULL,NULL,NULL,NULL,NULL),(11,'64','Veg puff',60,8,'2','Snacks ',NULL,NULL,NULL,NULL,NULL,NULL,NULL),(12,'64','Veg puff',90,9,'3','Snacks ',NULL,NULL,NULL,NULL,NULL,NULL,NULL),(13,'42','Premium Drip Coffee ',36,4,'1','Coffee',NULL,NULL,NULL,NULL,NULL,NULL,NULL),(14,'64','Veg puff',60,6,'2','Snacks ',NULL,NULL,NULL,NULL,NULL,NULL,NULL),(15,'42','Premium Drip Coffee ',36,3,'1','Coffee',NULL,NULL,NULL,NULL,NULL,NULL,NULL),(16,'64','Veg puff',90,6,'3','Snacks ',NULL,NULL,NULL,NULL,NULL,NULL,NULL),(17,'64','Veg puff',120,7,'4','Snacks ',NULL,NULL,NULL,NULL,NULL,NULL,NULL),(18,'61','Hazelnut Drip ',396,6,'4','Cold Beverages ',NULL,NULL,NULL,NULL,NULL,NULL,NULL),(19,'49','Honey Lemon Tea',50,1,'2','Hot Beverages',NULL,NULL,NULL,NULL,NULL,NULL,NULL),(20,'53','Horlicks ',66,1,'2','Hot Beverages',NULL,NULL,NULL,NULL,NULL,NULL,NULL),(21,'55','Hot Chocolate ',395,6,'5','Hot Beverages',NULL,NULL,NULL,NULL,NULL,NULL,NULL),(22,'67','Kara bun',90,1,'3','Snacks ',NULL,NULL,NULL,NULL,NULL,NULL,NULL),(23,'46','Lemon Tea',264,4,'12','Tea',NULL,NULL,NULL,NULL,NULL,NULL,NULL),(24,'69','Osmania Cookie ',45,1,'9','cookies',NULL,NULL,NULL,NULL,NULL,NULL,NULL),(25,'50','Plain milk',25,0,'1','Hot Beverages',NULL,NULL,NULL,NULL,NULL,NULL,NULL),(26,'42','Premium Drip Coffee ',270,4,'7','Coffee',NULL,NULL,NULL,NULL,NULL,NULL,NULL),(27,'64','Veg puff',240,4,'8','Snacks ',NULL,NULL,NULL,NULL,NULL,NULL,NULL),(28,'50','Plain milk',25,0,'1','Hot Beverages',NULL,NULL,NULL,NULL,NULL,NULL,NULL),(29,'42','Premium Drip Coffee ',558,5,'15','Coffee',NULL,NULL,NULL,NULL,NULL,NULL,NULL),(30,'64','Veg puff',510,4,'17','Snacks ',NULL,NULL,NULL,NULL,NULL,NULL,NULL),(31,'42','Premium Drip Coffee ',1062,5,'29','Coffee',NULL,NULL,NULL,NULL,NULL,NULL,NULL),(32,'64','Veg puff',720,4,'24','Snacks ',NULL,NULL,NULL,NULL,NULL,NULL,NULL),(33,'50','Plain milk',25,0,'1','Hot Beverages',NULL,NULL,NULL,NULL,NULL,NULL,NULL),(34,'42','Premium Drip Coffee ',1170,5,'32','Coffee',NULL,NULL,NULL,NULL,NULL,NULL,NULL),(35,'75','Rusk ',10,0,'2','cookies',NULL,NULL,NULL,NULL,NULL,NULL,NULL),(36,'64','Veg puff',810,4,'27','Snacks ',NULL,NULL,NULL,NULL,NULL,NULL,NULL),(37,'76','coffee mocha',39,0,'1','Coffee',NULL,NULL,NULL,NULL,NULL,NULL,NULL),(38,'78','rusk',25,0,'3','Snacks ',NULL,NULL,NULL,NULL,NULL,NULL,NULL),(39,'80','coffee with cookies ',36,0,'1','Coffee',NULL,NULL,NULL,NULL,NULL,NULL,NULL),(40,'78','rusk',75,0,'13','Snacks ',NULL,NULL,NULL,NULL,NULL,NULL,NULL),(41,'78','rusk',75,0,'13','Snacks ',NULL,NULL,NULL,NULL,NULL,NULL,NULL),(42,'80','coffee with cookies ',36,0,'1','Coffee',NULL,NULL,NULL,NULL,NULL,NULL,NULL),(43,'82','mini T',15,0,'1','Tea',NULL,NULL,NULL,NULL,NULL,NULL,NULL),(44,'85','parcel charges ',15,0,'3','None',NULL,NULL,NULL,NULL,NULL,NULL,NULL),(45,'78','rusk',75,0,'13','Snacks ',NULL,NULL,NULL,NULL,NULL,NULL,NULL),(46,'78','rusk',75,0,'13','Snacks ',NULL,NULL,NULL,NULL,NULL,NULL,NULL),(47,'78','rusk',75,0,'13','Snacks ',NULL,NULL,NULL,NULL,NULL,NULL,NULL),(48,'85','parcel charges ',20,0,'4','None',NULL,NULL,NULL,NULL,NULL,NULL,NULL),(49,'78','rusk',75,0,'13','Snacks ',NULL,NULL,NULL,NULL,NULL,NULL,NULL),(50,'89','samosa ',25,0,'1','Snacks ',NULL,NULL,NULL,NULL,NULL,NULL,NULL),(51,'64','badam milk ',75,0,'3',NULL,NULL,NULL,NULL,NULL,NULL,NULL,NULL),(52,'80','coffee with cookies ',36,0,'1',NULL,NULL,NULL,NULL,NULL,NULL,NULL,NULL),(53,'82','mini T',15465,19,'1031',NULL,NULL,NULL,NULL,NULL,NULL,NULL,NULL),(54,'85','parcel charges ',170,0,'34',NULL,NULL,NULL,NULL,NULL,NULL,NULL,NULL),(55,'85','rusk',20,0,'4',NULL,NULL,NULL,NULL,NULL,NULL,NULL,NULL),(56,'85','samosa',220,0,'11',NULL,NULL,NULL,NULL,NULL,NULL,NULL,NULL),(57,'85','samosa ',2425,3,'97',NULL,NULL,NULL,NULL,NULL,NULL,NULL,NULL);
INSERT INTO `top_category` (`_id`, `category`, `value`) VALUES (1,'Coffee',102),(7,'Coffee',216),(8,'Cold Beverages ',79),(9,'Snacks ',195),(10,'Tea',231),(11,'cookies',40),(12,'Coffee',252),(13,'Cold Beverages ',79),(14,'Snacks ',225),(15,'Tea',231),(16,'cookies',40),(17,'Coffee',252),(18,'Cold Beverages ',178),(19,'Snacks ',260),(20,'Tea',252),(21,'cookies',40),(22,'Coffee',60),(23,'Cold Beverages ',169),(24,'Hot Beverages',33),(25,'Snacks ',30),(26,'Tea',151),(57,'Coffee',336),(58,'Cold Beverages ',169),(59,'Hot Beverages',33),(60,'Snacks ',120),(61,'Tea',277),(62,'cookies',20),(63,'Coffee',636),(64,'Cold Beverages ',169),(65,'Hot Beverages',58),(66,'Snacks ',240),(67,'Tea',298),(68,'cookies',30),(69,'Coffee',786),(70,'Cold Beverages ',169),(71,'Hot Beverages',58),(72,'Snacks ',240),(73,'Tea',340),(74,'cookies',50),(75,'Coffee',786),(76,'Cold Beverages ',169),(77,'Hot Beverages',58),(78,'Snacks ',240),(79,'Tea',382),(80,'cookies',50),(81,'Coffee',786),(82,'Cold Beverages ',169),(83,'Hot Beverages',58),(84,'Snacks ',240),(85,'Tea',382),(86,'cookies',50),(87,'Coffee',786),(88,'Cold Beverages ',169),(89,'Hot Beverages',58),(90,'Snacks ',300),(91,'Tea',453),(92,'cookies',50),(93,'Coffee',786),(94,'Cold Beverages ',169),(95,'Hot Beverages',58),(96,'Snacks ',300),(97,'Tea',453),(98,'cookies',50),(111,'Coffee',2472),(112,'Cold Beverages ',1506),(113,'Hot Beverages',734),(114,'Snacks ',715),(115,'Tea',1228),(116,'cookies',90),(117,'Coffee',240),(118,'Cold Beverages ',99),(119,'Snacks ',30),(120,'Tea',84),(121,'Coffee',270),(122,'Cold Beverages ',99),(123,'Snacks ',30),(124,'Tea',109),(125,'Coffee',450),(126,'Cold Beverages ',158),(127,'Snacks ',90),(128,'Tea',193),(129,'cookies',30),(209,'Coffee',786),(210,'Cold Beverages ',169),(211,'Hot Beverages',58),(212,'Snacks ',300),(213,'Tea',453),(214,'cookies',50),(215,'Coffee',720),(216,'Cold Beverages ',158),(217,'Hot Beverages',158),(218,'Snacks ',210),(219,'Tea',327),(220,'cookies',30),(221,'Coffee',750),(222,'Cold Beverages ',257),(223,'Hot Beverages',158),(224,'Snacks ',210),(225,'Tea',352),(226,'cookies',30),(227,'Coffee',750),(228,'Cold Beverages ',257),(229,'Hot Beverages',158),(230,'Snacks ',210),(231,'Tea',352),(232,'cookies',30),(233,'Coffee',750),(234,'Cold Beverages ',257),(235,'Hot Beverages',158),(236,'Snacks ',210),(237,'Tea',352),(238,'cookies',30),(239,'Coffee',810),(240,'Cold Beverages ',257),(241,'Hot Beverages',316),(242,'Snacks ',210),(243,'Tea',352),(244,'cookies',30),(245,'Coffee',810),(246,'Cold Beverages ',257),(247,'Hot Beverages',316),(248,'Snacks ',210),(249,'Tea',352),(250,'cookies',30),(251,'Coffee',810),(252,'Cold Beverages ',257),(253,'Hot Beverages',316),(254,'Snacks ',210),(255,'Tea',352),(256,'cookies',30),(263,'Coffee',870),(264,'Cold Beverages ',257),(265,'Hot Beverages',316),(266,'Snacks ',270),(267,'Tea',352),(268,'cookies',50),(269,'Coffee',870),(270,'Cold Beverages ',356),(271,'Hot Beverages',316),(272,'Snacks ',360),(273,'Tea',352),(274,'cookies',60),(275,'Coffee',960),(276,'Cold Beverages ',356),(277,'Hot Beverages',316),(278,'Snacks ',360),(279,'Tea',352),(280,'cookies',85),(281,'Coffee',30),(282,'Coffee',180),(283,'cookies',10),(284,'Coffee',960),(285,'Cold Beverages ',356),(286,'Hot Beverages',316),(287,'Snacks ',360),(288,'Tea',352),(289,'cookies',85),(290,'Coffee',240),(291,'Cold Beverages ',198),(292,'Snacks ',60),(293,'Tea',63),(294,'cookies',10),(295,'Coffee',240),(296,'Cold Beverages ',297),(297,'Snacks ',90),(298,'Tea',63),(299,'cookies',10),(305,'Coffee',510),(306,'Cold Beverages ',198),(307,'Hot Beverages',316),(308,'Snacks ',270),(309,'Tea',159),(310,'cookies',55),(311,'Coffee',240),(312,'Cold Beverages ',297),(313,'Snacks ',90),(314,'Tea',105),(315,'cookies',10),(338,'Coffee',462),(339,'Cold Beverages ',495),(340,'Hot Beverages',112),(341,'Snacks ',368),(342,'Tea',231),(343,'cookies',10),(344,'Coffee',462),(345,'Cold Beverages ',495),(346,'Hot Beverages',112),(347,'Snacks ',368),(348,'Tea',277),(349,'cookies',10),(350,'Coffee',462),(351,'Cold Beverages ',495),(352,'Hot Beverages',191),(353,'Snacks ',368),(354,'Tea',277),(355,'cookies',10),(356,'Coffee',564),(357,'Cold Beverages ',495),(358,'Hot Beverages',191),(359,'Snacks ',398),(360,'Tea',277),(361,'cookies',10),(374,'Coffee',2826),(375,'Cold Beverages ',1198),(376,'Hot Beverages',644),(377,'Snacks ',1443),(378,'Tea',1464),(379,'cookies',185),(380,'Coffee',696),(381,'Cold Beverages ',495),(382,'Hot Beverages',191),(383,'Snacks ',398),(384,'Tea',298),(385,'cookies',10),(386,'Coffee',696),(387,'Cold Beverages ',495),(388,'Hot Beverages',191),(389,'Snacks ',398),(390,'Tea',298),(391,'cookies',10),(392,'Coffee',696),(393,'Cold Beverages ',495),(394,'Hot Beverages',191),(395,'Snacks ',398),(396,'Tea',298),(397,'cookies',10),(398,'Coffee',756),(399,'Cold Beverages ',495),(400,'Hot Beverages',191),(401,'Snacks ',428),(402,'Tea',298),(403,'cookies',20),(404,'Coffee',756),(405,'Cold Beverages ',495),(406,'Hot Beverages',191),(407,'Snacks ',428),(408,'Tea',298),(409,'cookies',30),(414,'Coffee',150),(415,'Snacks ',79),(416,'Tea',67),(417,'cookies',10),(418,'Coffee',252),(419,'Snacks ',109),(420,'Tea',67),(421,'cookies',10),(422,'Coffee',252),(423,'Cold Beverages ',356),(424,'Snacks ',109),(425,'Tea',67),(426,'cookies',10),(427,'Coffee',252),(428,'Cold Beverages ',356),(429,'Snacks ',109),(430,'Tea',67),(431,'cookies',10),(474,'Coffee',4230),(475,'Cold Beverages ',2614),(476,'Hot Beverages',1241),(477,'Snacks ',1661),(478,'Tea',1861),(479,'cookies',215),(480,'Coffee',312),(481,'Cold Beverages ',356),(482,'Hot Beverages',79),(483,'Snacks ',188),(484,'Tea',67),(485,'cookies',10),(486,'Coffee',312),(487,'Cold Beverages ',356),(488,'Hot Beverages',79),(489,'Snacks ',188),(490,'Tea',88),(491,'cookies',10),(528,'Coffee',3330),(529,'Cold Beverages ',1554),(530,'Hot Beverages',723),(531,'Snacks ',1661),(532,'Tea',1552),(533,'cookies',215),(534,'Coffee',312),(535,'Cold Beverages ',356),(536,'Hot Beverages',79),(537,'Snacks ',188),(538,'Tea',88),(539,'cookies',10),(540,'Coffee',342),(541,'Cold Beverages ',455),(542,'Hot Beverages',79),(543,'Snacks ',188),(544,'Tea',130),(545,'cookies',10),(546,'Coffee',372),(547,'Cold Beverages ',455),(548,'Hot Beverages',79),(549,'Snacks ',188),(550,'Tea',130),(551,'cookies',10),(552,'Coffee',432),(553,'Cold Beverages ',514),(554,'Hot Beverages',79),(555,'Snacks ',218),(556,'Tea',151),(557,'cookies',20),(558,'Coffee',432),(559,'Cold Beverages ',514),(560,'Hot Beverages',79),(561,'Snacks ',297),(562,'Tea',151),(563,'cookies',20),(564,'Coffee',432),(565,'Cold Beverages ',514),(566,'Hot Beverages',79),(567,'Snacks ',327),(568,'Tea',193),(569,'cookies',20),(570,'Coffee',492),(571,'Cold Beverages ',514),(572,'Hot Beverages',79),(573,'Snacks ',357),(574,'Tea',193),(575,'cookies',20),(576,'Coffee',522),(577,'Cold Beverages ',613),(578,'Hot Beverages',112),(579,'Snacks ',417),(580,'Tea',281),(581,'cookies',30),(582,'Coffee',618),(583,'Cold Beverages ',712),(584,'Hot Beverages',191),(585,'Snacks ',526),(586,'Tea',373),(587,'cookies',30),(588,'Coffee',648),(589,'Cold Beverages ',712),(590,'Hot Beverages',191),(591,'Snacks ',526),(592,'Tea',373),(593,'cookies',35),(594,'Coffee',768),(595,'Cold Beverages ',712),(596,'Hot Beverages',191),(597,'Snacks ',635),(598,'Tea',373),(599,'cookies',45),(606,'Coffee',768),(607,'Cold Beverages ',712),(608,'Hot Beverages',191),(609,'Snacks ',665),(610,'Tea',373),(611,'cookies',45),(612,'Coffee',768),(613,'Cold Beverages ',712),(614,'Hot Beverages',191),(615,'Snacks ',665),(616,'Tea',373),(617,'cookies',45),(618,'Coffee',768),(619,'Cold Beverages ',712),(620,'Hot Beverages',191),(621,'Snacks ',665),(622,'Tea',373),(623,'cookies',60),(630,'Coffee',804),(631,'Cold Beverages ',712),(632,'Hot Beverages',191),(633,'Snacks ',785),(634,'Tea',373),(635,'cookies',60),(636,'Coffee',834),(637,'Cold Beverages ',870),(638,'Hot Beverages',191),(639,'Snacks ',815),(640,'Tea',373),(641,'cookies',60),(642,'Coffee',834),(643,'Cold Beverages ',960),(644,'Hot Beverages',191),(645,'Snacks ',815),(646,'Tea',373),(647,'cookies',75),(648,'Coffee',834),(649,'Cold Beverages ',960),(650,'Hot Beverages',191),(651,'Snacks ',815),(652,'Tea',373),(653,'cookies',75),(664,'Coffee',288),(665,'Cold Beverages ',79),(666,'Snacks ',30),(667,'Tea',84),(668,'cookies',10),(669,'Coffee',324),(670,'Cold Beverages ',457),(671,'Hot Beverages',79),(672,'Snacks ',30),(673,'Tea',172),(674,'cookies',10),(675,'Coffee',384),(676,'Cold Beverages ',457),(677,'Hot Beverages',79),(678,'Snacks ',30),(679,'Tea',172),(680,'cookies',10),(681,'Coffee',444),(682,'Cold Beverages ',457),(683,'Hot Beverages',79),(684,'Snacks ',30),(685,'Tea',172),(686,'cookies',10),(699,'Coffee',564),(700,'Cold Beverages ',536),(701,'Hot Beverages',79),(702,'Snacks ',180),(703,'Tea',361),(704,'cookies',25),(729,'Coffee',4941),(730,'Cold Beverages ',3070),(731,'Hot Beverages',1300),(732,'Snacks ',2528),(733,'Tea',2396),(734,'cookies',305),(735,'Coffee',804),(736,'Cold Beverages ',725),(737,'Hot Beverages',158),(738,'Snacks ',319),(739,'Tea',382),(740,'cookies',25),(741,'Coffee',804),(742,'Cold Beverages ',725),(743,'Hot Beverages',158),(744,'Snacks ',319),(745,'Tea',407),(746,'cookies',25),(747,'Coffee',834),(748,'Cold Beverages ',725),(749,'Hot Beverages',158),(750,'Snacks ',319),(751,'Tea',407),(752,'cookies',25),(753,'Coffee',834),(754,'Cold Beverages ',725),(755,'Hot Beverages',241),(756,'Snacks ',319),(757,'Tea',428),(758,'cookies',25),(768,'Coffee',30),(769,'Tea',126),(770,'cookies',15),(771,'Coffee',90),(772,'Tea',168),(773,'cookies',25),(774,'Coffee',150),(775,'Tea',168),(776,'cookies',25),(777,'Coffee',186),(778,'Tea',168),(779,'cookies',25),(780,'Coffee',450),(781,'Snacks ',30),(782,'Tea',189),(783,'cookies',25),(784,'Coffee',450),(785,'Snacks ',109),(786,'Tea',189),(787,'cookies',25),(792,'Coffee',510),(793,'Snacks ',109),(794,'Tea',210),(795,'cookies',25),(800,'Coffee',510),(801,'Snacks ',169),(802,'Tea',294),(803,'cookies',25),(808,'Coffee',540),(809,'Snacks ',199),(810,'Tea',294),(811,'cookies',25),(812,'Coffee',540),(813,'Cold Beverages ',99),(814,'Hot Beverages',79),(815,'Snacks ',199),(816,'Tea',403),(817,'cookies',25),(818,'Coffee',540),(819,'Cold Beverages ',99),(820,'Hot Beverages',79),(821,'Snacks ',199),(822,'Tea',424),(823,'cookies',25),(824,'Coffee',666),(825,'Cold Beverages ',277),(826,'Hot Beverages',79),(827,'Snacks ',229),(828,'Tea',516),(829,'cookies',35),(866,'Coffee',786),(867,'Cold Beverages ',791),(868,'Hot Beverages',79),(869,'Snacks ',379),(870,'Tea',600),(871,'cookies',65),(872,'Coffee',786),(873,'Cold Beverages ',791),(874,'Hot Beverages',79),(875,'Snacks ',379),(876,'Tea',600),(877,'cookies',65),(878,'Coffee',858),(879,'Cold Beverages ',791),(880,'Hot Beverages',79),(881,'Snacks ',379),(882,'Tea',600),(883,'cookies',65),(884,'Coffee',888),(885,'Cold Beverages ',791),(886,'Hot Beverages',79),(887,'Snacks ',379),(888,'Tea',621),(889,'cookies',65),(890,'Coffee',888),(891,'Cold Beverages ',791),(892,'Hot Beverages',79),(893,'Snacks ',379),(894,'Tea',621),(895,'cookies',65),(896,'Coffee',918),(897,'Cold Beverages ',791),(898,'Hot Beverages',79),(899,'Snacks ',379),(900,'Tea',621),(901,'cookies',65),(902,'Coffee',918),(903,'Cold Beverages ',881),(904,'Hot Beverages',79),(905,'Snacks ',409),(906,'Tea',621),(907,'cookies',65),(908,'Coffee',918),(909,'Cold Beverages ',881),(910,'Hot Beverages',79),(911,'Snacks ',409),(912,'Tea',621),(913,'cookies',65),(920,'Coffee',918),(921,'Cold Beverages ',881),(922,'Hot Beverages',79),(923,'Snacks ',409),(924,'Tea',621),(925,'cookies',65),(926,'Coffee',60),(927,'Tea',50),(928,'Coffee',60),(929,'Tea',50),(948,'Coffee',6594),(949,'Cold Beverages ',4824),(950,'Hot Beverages',1752),(951,'Snacks ',3016),(952,'Tea',3287),(953,'cookies',370),(976,'Coffee',156),(977,'Cold Beverages ',267),(978,'Hot Beverages',158),(979,'Tea',456),(980,'cookies',25),(981,'Coffee',222),(982,'Cold Beverages ',267),(983,'Hot Beverages',158),(984,'Tea',498),(985,'cookies',25),(1007,'Coffee',5622),(1008,'Cold Beverages ',4031),(1009,'Hot Beverages',1471),(1010,'Snacks ',2921),(1011,'Tea',3300),(1012,'cookies',395),(1013,'Coffee',252),(1014,'Cold Beverages ',267),(1015,'Hot Beverages',395),(1016,'Tea',523),(1017,'cookies',25),(1018,'Coffee',282),(1019,'Cold Beverages ',267),(1020,'Hot Beverages',395),(1021,'Tea',523),(1022,'cookies',25),(1023,'Coffee',282),(1024,'Cold Beverages ',267),(1025,'Hot Beverages',395),(1026,'Tea',523),(1027,'cookies',25),(1028,'Coffee',312),(1029,'Cold Beverages ',267),(1030,'Hot Beverages',395),(1031,'Tea',523),(1032,'cookies',25),(1033,'Coffee',312),(1034,'Cold Beverages ',267),(1035,'Hot Beverages',395),(1036,'Tea',607),(1037,'cookies',35),(1038,'Coffee',312),(1039,'Cold Beverages ',267),(1040,'Hot Beverages',395),(1041,'Tea',607),(1042,'cookies',35),(1043,'Coffee',30),(1044,'Tea',42),(1045,'Coffee',60),(1046,'Tea',92),(1047,'cookies',10),(1048,'Coffee',60),(1049,'Tea',92),(1050,'cookies',10),(1051,'Coffee',99),(1052,'Tea',159),(1053,'cookies',10),(1054,'Coffee',129),(1055,'Tea',159),(1056,'cookies',10),(1063,'Coffee',285),(1064,'Cold Beverages ',189),(1065,'Hot Beverages',33),(1066,'Snacks ',20),(1067,'Tea',306),(1068,'cookies',10),(1069,'Coffee',315),(1070,'Cold Beverages ',189),(1071,'Hot Beverages',33),(1072,'Snacks ',20),(1073,'Tea',377),(1074,'cookies',10),(1075,'Coffee',315),(1076,'Cold Beverages ',189),(1077,'Hot Beverages',33),(1078,'Snacks ',20),(1079,'Tea',398),(1080,'cookies',10),(1081,'Coffee',405),(1082,'Cold Beverages ',189),(1083,'Hot Beverages',33),(1084,'Snacks ',20),(1085,'Tea',398),(1086,'cookies',10),(1093,'Coffee',405),(1094,'Cold Beverages ',189),(1095,'Hot Beverages',33),(1096,'Snacks ',20),(1097,'Tea',398),(1098,'cookies',10),(1099,'Coffee',465),(1100,'Cold Beverages ',189),(1101,'Hot Beverages',33),(1102,'Snacks ',50),(1103,'Tea',398),(1104,'cookies',10),(1105,'Coffee',465),(1106,'Cold Beverages ',189),(1107,'Hot Beverages',33),(1108,'Snacks ',129),(1109,'Tea',398),(1110,'cookies',10),(1111,'Coffee',525),(1112,'Cold Beverages ',189),(1113,'Hot Beverages',33),(1114,'Snacks ',134),(1115,'Tea',419),(1116,'cookies',10),(1123,'Coffee',585),(1124,'Cold Beverages ',189),(1125,'Hot Beverages',33),(1126,'Snacks ',164),(1127,'Tea',419),(1128,'cookies',10),(1135,'Coffee',675),(1136,'Cold Beverages ',189),(1137,'Hot Beverages',145),(1138,'Snacks ',194),(1139,'Tea',440),(1140,'cookies',10),(1141,'Coffee',675),(1142,'Cold Beverages ',189),(1143,'Hot Beverages',145),(1144,'Snacks ',194),(1145,'Tea',440),(1146,'cookies',10),(1159,'Coffee',7581),(1160,'Cold Beverages ',5339),(1161,'Hot Beverages',2371),(1162,'Snacks ',3240),(1163,'Tea',4263),(1164,'cookies',415),(1165,'Coffee',735),(1166,'Cold Beverages ',248),(1167,'Hot Beverages',224),(1168,'Snacks ',224),(1169,'Tea',440),(1170,'cookies',10),(1171,'Coffee',735),(1172,'Cold Beverages ',248),(1173,'Hot Beverages',224),(1174,'Snacks ',224),(1175,'Tea',461),(1176,'cookies',15),(1177,'Coffee',735),(1178,'Cold Beverages ',248),(1179,'Hot Beverages',224),(1180,'Snacks ',224),(1181,'Tea',461),(1182,'cookies',15),(1189,'Coffee',765),(1190,'Cold Beverages ',248),(1191,'Hot Beverages',224),(1192,'Snacks ',224),(1193,'Tea',482),(1194,'cookies',15),(1219,'Coffee',7647),(1220,'Cold Beverages ',5339),(1221,'Hot Beverages',2371),(1222,'Snacks ',3240),(1223,'Tea',4326),(1224,'cookies',420),(1225,'Coffee',801),(1226,'Cold Beverages ',248),(1227,'Hot Beverages',224),(1228,'Snacks ',224),(1229,'Tea',503),(1230,'cookies',15),(1231,'Coffee',801),(1232,'Cold Beverages ',248),(1233,'Hot Beverages',282),(1234,'Snacks ',224),(1235,'Tea',528),(1236,'cookies',15),(1237,'Coffee',801),(1238,'Cold Beverages ',248),(1239,'Hot Beverages',348),(1240,'Snacks ',224),(1241,'Tea',528),(1242,'cookies',15),(1243,'Coffee',801),(1244,'Cold Beverages ',248),(1245,'Hot Beverages',348),(1246,'Snacks ',224),(1247,'Tea',528),(1248,'cookies',15),(1249,'Coffee',831),(1250,'Cold Beverages ',248),(1251,'Hot Beverages',348),(1252,'Snacks ',224),(1253,'Tea',628),(1254,'cookies',15),(1255,'Coffee',861),(1256,'Cold Beverages ',248),(1257,'Hot Beverages',348),(1258,'Snacks ',224),(1259,'Tea',628),(1260,'cookies',15),(1261,'Coffee',30),(1262,'Snacks ',30),(1263,'Tea',63),(1264,'Coffee',60),(1265,'Snacks ',30),(1266,'Tea',130),(1267,'Coffee',60),(1268,'Snacks ',30),(1269,'Tea',130),(1270,'Coffee',90),(1271,'Snacks ',30),(1272,'Tea',155),(1273,'Coffee',90),(1274,'Snacks ',30),(1275,'Tea',176),(1276,'Coffee',150),(1277,'Snacks ',30),(1278,'Tea',176),(1279,'Coffee',150),(1280,'Snacks ',45),(1281,'Tea',218),(1282,'Coffee',240),(1283,'Snacks ',45),(1284,'Tea',264),(1285,'Coffee',270),(1286,'Snacks ',45),(1287,'Tea',306),(1288,'Coffee',270),(1289,'Snacks ',75),(1290,'Tea',306),(1291,'Coffee',330),(1292,'Cold Beverages ',79),(1293,'Hot Beverages',25),(1294,'Snacks ',105),(1295,'Tea',306),(1296,'Coffee',540),(1297,'Cold Beverages ',79),(1298,'Hot Beverages',25),(1299,'Snacks ',135),(1300,'Tea',415),(1301,'Coffee',540),(1302,'Cold Beverages ',138),(1303,'Hot Beverages',25),(1304,'Snacks ',175),(1305,'Tea',436),(1306,'Coffee',570),(1307,'Cold Beverages ',138),(1308,'Hot Beverages',25),(1309,'Snacks ',205),(1310,'Tea',436),(1311,'Coffee',660),(1312,'Cold Beverages ',138),(1313,'Hot Beverages',25),(1314,'Snacks ',275),(1315,'Tea',436),(1316,'Coffee',780),(1317,'Cold Beverages ',138),(1318,'Hot Beverages',104),(1319,'Snacks ',275),(1320,'Tea',457),(1321,'Coffee',810),(1322,'Cold Beverages ',138),(1323,'Hot Beverages',137),(1324,'Snacks ',275),(1325,'Tea',457),(1331,'Coffee',810),(1332,'Cold Beverages ',138),(1333,'Hot Beverages',137),(1334,'Snacks ',275),(1335,'Tea',457),(1336,'Coffee',810),(1337,'Cold Beverages ',138),(1338,'Hot Beverages',137),(1339,'Snacks ',275),(1340,'Tea',482),(1341,'Coffee',810),(1342,'Cold Beverages ',237),(1343,'Hot Beverages',137),(1344,'Snacks ',335),(1345,'Tea',503),(1346,'cookies',5),(1347,'Coffee',810),(1348,'Cold Beverages ',237),(1349,'Hot Beverages',137),(1350,'Snacks ',335),(1351,'Tea',545),(1352,'cookies',5),(1353,'Cold Beverages ',90),(1354,'Snacks ',30),(1355,'cookies',10),(1356,'Cold Beverages ',90),(1357,'Hot Beverages',79),(1358,'Snacks ',60),(1359,'cookies',80),(1360,'Coffee',36),(1361,'Cold Beverages ',90),(1362,'Hot Beverages',79),(1363,'Snacks ',60),(1364,'cookies',80),(1370,'Coffee',36),(1371,'Cold Beverages ',90),(1372,'Hot Beverages',79),(1373,'Snacks ',60),(1374,'cookies',80),(1375,'Coffee',36),(1376,'Cold Beverages ',90),(1377,'Hot Beverages',79),(1378,'Snacks ',60),(1379,'cookies',80),(1392,'Coffee',306),(1393,'Cold Beverages ',180),(1394,'Hot Beverages',262),(1395,'Snacks ',209),(1396,'Tea',88),(1397,'cookies',95),(1398,'Coffee',342),(1399,'Cold Beverages ',180),(1400,'Hot Beverages',262),(1401,'Snacks ',209),(1402,'Tea',109),(1403,'cookies',95),(1404,'Coffee',372),(1405,'Cold Beverages ',180),(1406,'Hot Beverages',262),(1407,'Snacks ',397),(1408,'Tea',159),(1409,'cookies',95),(1410,'Coffee',372),(1411,'Cold Beverages ',180),(1412,'Hot Beverages',262),(1413,'Snacks ',397),(1414,'Tea',159),(1415,'cookies',95),(1422,'Coffee',468),(1423,'Cold Beverages ',180),(1424,'Hot Beverages',295),(1425,'Snacks ',397),(1426,'Tea',226),(1427,'cookies',105),(1428,'Coffee',468),(1429,'Cold Beverages ',180),(1430,'Hot Beverages',295),(1431,'Snacks ',397),(1432,'Tea',268),(1433,'cookies',105),(1434,'Coffee',468),(1435,'Cold Beverages ',180),(1436,'Hot Beverages',295),(1437,'Snacks ',397),(1438,'Tea',293),(1439,'cookies',105),(1440,'Coffee',468),(1441,'Cold Beverages ',180),(1442,'Hot Beverages',295),(1443,'Snacks ',487),(1444,'Tea',314),(1445,'cookies',105),(1446,'Coffee',468),(1447,'Cold Beverages ',180),(1448,'Hot Beverages',295),(1449,'Snacks ',517),(1450,'Tea',314),(1451,'cookies',105),(1470,'Coffee',558),(1471,'Cold Beverages ',239),(1472,'Hot Beverages',374),(1473,'Snacks ',784),(1474,'Tea',381),(1475,'cookies',110),(1476,'Coffee',588),(1477,'Cold Beverages ',239),(1478,'Hot Beverages',374),(1479,'Snacks ',784),(1480,'Tea',406),(1481,'cookies',110),(1488,'Coffee',618),(1489,'Cold Beverages ',357),(1490,'Hot Beverages',532),(1491,'Snacks ',784),(1492,'Tea',406),(1493,'cookies',115),(1512,'Coffee',678),(1513,'Cold Beverages ',357),(1514,'Hot Beverages',677),(1515,'Snacks ',844),(1516,'Tea',427),(1517,'cookies',115),(1518,'Coffee',30),(1519,'Hot Beverages',33),(1520,'Coffee',30),(1521,'Hot Beverages',33),(1522,'Coffee',30),(1523,'Hot Beverages',33),(1524,'Coffee',30),(1525,'Hot Beverages',58),(1526,'Snacks ',30),(1527,'Tea',21),(1528,'Coffee',225),(1529,'Hot Beverages',116),(1530,'Snacks ',60),(1531,'Tea',113),(1532,'cookies',10),(1533,'Coffee',225),(1534,'Hot Beverages',116),(1535,'Snacks ',125),(1536,'Tea',213),(1537,'cookies',10),(1538,'Coffee',225),(1539,'Cold Beverages ',257),(1540,'Hot Beverages',141),(1541,'Snacks ',125),(1542,'Tea',213),(1543,'cookies',20),(1550,'Coffee',225),(1551,'Cold Beverages ',257),(1552,'Hot Beverages',141),(1553,'Snacks ',125),(1554,'Tea',213),(1555,'cookies',20),(1556,'Coffee',285),(1557,'Cold Beverages ',257),(1558,'Hot Beverages',141),(1559,'Snacks ',313),(1560,'Tea',213),(1561,'cookies',35),(1562,'Coffee',285),(1563,'Cold Beverages ',257),(1564,'Hot Beverages',141),(1565,'Snacks ',313),(1566,'Tea',213),(1567,'cookies',35),(1568,'Coffee',285),(1569,'Cold Beverages ',257),(1570,'Hot Beverages',141),(1571,'Snacks ',313),(1572,'Tea',213),(1573,'cookies',35),(1574,'Coffee',285),(1575,'Cold Beverages ',257),(1576,'Hot Beverages',141),(1577,'Snacks ',313),(1578,'Tea',259),(1579,'cookies',35),(1580,'Coffee',465),(1581,'Cold Beverages ',257),(1582,'Hot Beverages',141),(1583,'Snacks ',313),(1584,'Tea',259),(1585,'cookies',35),(1586,'Coffee',585),(1587,'Cold Beverages ',257),(1588,'Hot Beverages',141),(1589,'Snacks ',392),(1590,'Tea',259),(1591,'cookies',45),(1592,'Coffee',585),(1593,'Cold Beverages ',336),(1594,'Hot Beverages',141),(1595,'Snacks ',610),(1596,'Tea',284),(1597,'cookies',185),(1598,'Coffee',585),(1599,'Cold Beverages ',336),(1600,'Hot Beverages',141),(1601,'Snacks ',670),(1602,'Tea',284),(1603,'cookies',185),(1622,'Coffee',585),(1623,'Cold Beverages ',336),(1624,'Hot Beverages',141),(1625,'Snacks ',670),(1626,'Tea',284),(1627,'cookies',185),(1628,'Coffee',585),(1629,'Cold Beverages ',336),(1630,'Hot Beverages',141),(1631,'Snacks ',670),(1632,'Tea',284),(1633,'cookies',185),(1646,'Coffee',615),(1647,'Cold Beverages ',336),(1648,'Hot Beverages',141),(1649,'Snacks ',670),(1650,'Tea',284),(1651,'cookies',185),(1700,'Coffee',675),(1701,'Cold Beverages ',584),(1702,'Hot Beverages',174),(1703,'Snacks ',749),(1704,'Tea',305),(1705,'cookies',430),(1706,'Coffee',675),(1707,'Cold Beverages ',702),(1708,'Hot Beverages',224),(1709,'Snacks ',749),(1710,'Tea',330),(1711,'cookies',430),(1712,'Coffee',675),(1713,'Cold Beverages ',702),(1714,'Hot Beverages',224),(1715,'Snacks ',749),(1716,'Tea',405),(1717,'cookies',430),(1740,'Coffee',9435),(1741,'Cold Beverages ',5951),(1742,'Hot Beverages',3322),(1743,'Snacks ',5168),(1744,'Tea',5696),(1745,'cookies',970),(1752,'Coffee',90),(1753,'Snacks ',30),(1754,'Tea',105),(1755,'Coffee',90),(1756,'Snacks ',30),(1757,'Tea',105),(1758,'Coffee',90),(1759,'Hot Beverages',25),(1760,'Snacks ',30),(1761,'Tea',151),(1762,'Coffee',330),(1763,'Cold Beverages ',99),(1764,'Hot Beverages',104),(1765,'Snacks ',30),(1766,'Tea',302),(1767,'cookies',75),(1768,'Coffee',360),(1769,'Cold Beverages ',99),(1770,'Hot Beverages',104),(1771,'Snacks ',30),(1772,'Tea',323),(1773,'cookies',75),(1774,'Coffee',420),(1775,'Cold Beverages ',99),(1776,'Hot Beverages',104),(1777,'Snacks ',90),(1778,'Tea',407),(1779,'cookies',90),(1798,'Coffee',420),(1799,'Cold Beverages ',99),(1800,'Hot Beverages',104),(1801,'Snacks ',90),(1802,'Tea',407),(1803,'cookies',90),(1804,'Coffee',420),(1805,'Cold Beverages ',99),(1806,'Hot Beverages',104),(1807,'Snacks ',120),(1808,'Tea',422),(1809,'cookies',95),(1810,'Coffee',420),(1811,'Cold Beverages ',99),(1812,'Hot Beverages',104),(1813,'Snacks ',120),(1814,'Tea',447),(1815,'cookies',105),(1822,'Coffee',420),(1823,'Cold Beverages ',99),(1824,'Hot Beverages',104),(1825,'Snacks ',120),(1826,'Tea',472),(1827,'cookies',105),(1828,'Coffee',450),(1829,'Cold Beverages ',99),(1830,'Hot Beverages',249),(1831,'Snacks ',150),(1832,'Tea',539),(1833,'cookies',105),(1834,'Coffee',510),(1835,'Cold Beverages ',396),(1836,'Hot Beverages',249),(1837,'Snacks ',150),(1838,'Tea',539),(1839,'cookies',105),(1840,'Coffee',510),(1841,'Cold Beverages ',396),(1842,'Hot Beverages',282),(1843,'Snacks ',150),(1844,'Tea',644),(1845,'cookies',105),(1846,'Coffee',510),(1847,'Cold Beverages ',396),(1848,'Hot Beverages',282),(1849,'Snacks ',150),(1850,'Tea',644),(1851,'cookies',105),(1852,'Coffee',510),(1853,'Cold Beverages ',396),(1854,'Hot Beverages',282),(1855,'Snacks ',150),(1856,'Tea',665),(1857,'cookies',135),(1858,'Coffee',510),(1859,'Cold Beverages ',396),(1860,'Hot Beverages',282),(1861,'Snacks ',150),(1862,'Tea',665),(1863,'cookies',135),(1864,'Coffee',510),(1865,'Cold Beverages ',396),(1866,'Hot Beverages',282),(1867,'Snacks ',210),(1868,'Tea',665),(1869,'cookies',135),(1870,'Coffee',540),(1871,'Cold Beverages ',396),(1872,'Hot Beverages',282),(1873,'Snacks ',210),(1874,'Tea',686),(1875,'cookies',135),(1876,'Coffee',540),(1877,'Cold Beverages ',396),(1878,'Hot Beverages',282),(1879,'Snacks ',240),(1880,'Tea',707),(1881,'cookies',135),(1888,'Coffee',9945),(1889,'Cold Beverages ',6347),(1890,'Hot Beverages',3604),(1891,'Snacks ',5408),(1892,'Tea',6403),(1893,'cookies',1105),(1894,'Coffee',540),(1895,'Cold Beverages ',396),(1896,'Hot Beverages',361),(1897,'Snacks ',240),(1898,'Tea',707),(1899,'cookies',255),(1906,'Coffee',570),(1907,'Cold Beverages ',396),(1908,'Hot Beverages',394),(1909,'Snacks ',240),(1910,'Tea',707),(1911,'cookies',255),(1918,'Coffee',630),(1919,'Cold Beverages ',396),(1920,'Hot Beverages',394),(1921,'Snacks ',240),(1922,'Tea',707),(1923,'cookies',255),(1930,'Coffee',660),(1931,'Cold Beverages ',486),(1932,'Hot Beverages',394),(1933,'Snacks ',240),(1934,'Tea',707),(1935,'cookies',255),(1942,'Coffee',660),(1943,'Cold Beverages ',486),(1944,'Hot Beverages',394),(1945,'Snacks ',240),(1946,'Tea',707),(1947,'cookies',255),(1948,'Coffee',660),(1949,'Cold Beverages ',486),(1950,'Hot Beverages',394),(1951,'Snacks ',240),(1952,'Tea',728),(1953,'cookies',255),(1954,'Coffee',660),(1955,'Cold Beverages ',486),(1956,'Hot Beverages',394),(1957,'Snacks ',240),(1958,'Tea',749),(1959,'cookies',285),(1960,'Coffee',690),(1961,'Cold Beverages ',486),(1962,'Hot Beverages',394),(1963,'Snacks ',240),(1964,'Tea',899),(1965,'cookies',430),(1972,'Coffee',690),(1973,'Cold Beverages ',486),(1974,'Hot Beverages',394),(1975,'Snacks ',240),(1976,'Tea',924),(1977,'cookies',430),(1978,'Coffee',5778),(1979,'Cold Beverages ',3903),(1980,'Hot Beverages',2495),(1981,'Snacks ',3120),(1982,'Tea',4585),(1983,'cookies',1120),(1984,'Tea',113),(1985,'Cold Beverages ',90),(1986,'Tea',113),(1987,'Coffee',30),(1988,'Cold Beverages ',90),(1989,'Tea',197),(1990,'Coffee',66),(1991,'Cold Beverages ',169),(1992,'Hot Beverages',18),(1993,'Tea',218),(2002,'Coffee',816),(2003,'Cold Beverages ',655),(2004,'Hot Beverages',412),(2005,'Snacks ',240),(2006,'Tea',1192),(2007,'cookies',430),(2008,'Coffee',126),(2009,'Cold Beverages ',169),(2010,'Hot Beverages',18),(2011,'Tea',268),(2012,'Coffee',126),(2013,'Cold Beverages ',169),(2014,'Hot Beverages',18),(2015,'Snacks ',60),(2016,'Tea',289),(2017,'Coffee',156),(2018,'Cold Beverages ',248),(2019,'Hot Beverages',51),(2020,'Snacks ',60),(2021,'Tea',310),(2022,'Coffee',246),(2023,'Cold Beverages ',248),(2024,'Hot Beverages',196),(2025,'Snacks ',60),(2026,'Tea',331),(2027,'cookies',10),(2046,'Coffee',336),(2047,'Cold Beverages ',248),(2048,'Hot Beverages',196),(2049,'Snacks ',90),(2050,'Tea',415),(2051,'cookies',20),(2052,'Coffee',396),(2053,'Cold Beverages ',248),(2054,'Hot Beverages',196),(2055,'Snacks ',90),(2056,'Tea',457),(2057,'cookies',20),(2058,'Coffee',426),(2059,'Cold Beverages ',248),(2060,'Hot Beverages',275),(2061,'Snacks ',169),(2062,'Tea',482),(2063,'cookies',20),(2064,'Coffee',426),(2065,'Cold Beverages ',248),(2066,'Hot Beverages',275),(2067,'Snacks ',169),(2068,'Tea',482),(2069,'cookies',20),(2070,'Coffee',456),(2071,'Cold Beverages ',248),(2072,'Hot Beverages',275),(2073,'Snacks ',169),(2074,'Tea',524),(2075,'cookies',20),(2076,'Coffee',486),(2077,'Cold Beverages ',248),(2078,'Hot Beverages',293),(2079,'Snacks ',169),(2080,'Tea',545),(2081,'cookies',30),(2086,'Hot Beverages',33),(2087,'Tea',42),(2088,'Coffee',30),(2089,'Hot Beverages',33),(2090,'Tea',159),(2091,'Coffee',30),(2092,'Hot Beverages',51),(2093,'Snacks ',30),(2094,'Tea',159),(2101,'Coffee',30),(2102,'Cold Beverages ',198),(2103,'Hot Beverages',51),(2104,'Snacks ',30),(2105,'Tea',159),(2106,'cookies',230),(2113,'Coffee',60),(2114,'Cold Beverages ',198),(2115,'Hot Beverages',51),(2116,'Snacks ',30),(2117,'Tea',180),(2118,'cookies',230),(2119,'Coffee',90),(2120,'Cold Beverages ',198),(2121,'Hot Beverages',51),(2122,'Snacks ',30),(2123,'Tea',243),(2124,'cookies',230),(2125,'Coffee',90),(2126,'Cold Beverages ',198),(2127,'Hot Beverages',130),(2128,'Snacks ',109),(2129,'Tea',268),(2130,'cookies',230),(2131,'Coffee',90),(2132,'Cold Beverages ',257),(2133,'Hot Beverages',130),(2134,'Snacks ',109),(2135,'Tea',352),(2136,'cookies',230),(2137,'Coffee',90),(2138,'Cold Beverages ',257),(2139,'Hot Beverages',130),(2140,'Snacks ',109),(2141,'Tea',352),(2142,'cookies',230),(2143,'Coffee',180),(2144,'Cold Beverages ',257),(2145,'Hot Beverages',130),(2146,'Snacks ',139),(2147,'Tea',377),(2148,'cookies',230),(2149,'Coffee',270),(2150,'Cold Beverages ',257),(2151,'Hot Beverages',130),(2152,'Snacks ',139),(2153,'Tea',419),(2154,'cookies',230),(2155,'Coffee',270),(2156,'Cold Beverages ',257),(2157,'Hot Beverages',130),(2158,'Snacks ',139),(2159,'Tea',440),(2160,'cookies',230),(2161,'Coffee',270),(2162,'Cold Beverages ',257),(2163,'Hot Beverages',130),(2164,'Snacks ',139),(2165,'Tea',440),(2166,'cookies',230),(2167,'Coffee',330),(2168,'Cold Beverages ',257),(2169,'Hot Beverages',209),(2170,'Snacks ',139),(2171,'Tea',528),(2172,'cookies',230),(2173,'Coffee',330),(2174,'Cold Beverages ',257),(2175,'Hot Beverages',209),(2176,'Snacks ',139),(2177,'Tea',528),(2178,'cookies',230),(2179,'Coffee',330),(2180,'Cold Beverages ',356),(2181,'Hot Beverages',209),(2182,'Snacks ',139),(2183,'Tea',528),(2184,'cookies',230),(2216,'Coffee',366),(2217,'Cold Beverages ',356),(2218,'Hot Beverages',288),(2219,'Snacks ',139),(2220,'Tea',570),(2221,'cookies',230),(2226,'Coffee',240),(2227,'Hot Beverages',66),(2228,'Tea',222),(2229,'cookies',10),(2230,'Coffee',300),(2231,'Hot Beverages',66),(2232,'Tea',243),(2233,'cookies',10),(2234,'Coffee',300),(2235,'Cold Beverages ',99),(2236,'Hot Beverages',66),(2237,'Tea',243),(2238,'cookies',10),(2239,'Coffee',330),(2240,'Cold Beverages ',99),(2241,'Hot Beverages',224),(2242,'Tea',432),(2243,'cookies',10),(2244,'Coffee',540),(2245,'Cold Beverages ',99),(2246,'Hot Beverages',242),(2247,'Tea',520),(2248,'cookies',10),(2283,'Coffee',4245),(2284,'Cold Beverages ',2485),(2285,'Hot Beverages',2255),(2286,'Snacks ',2476),(2287,'Tea',3936),(2288,'cookies',1250),(2289,'Coffee',570),(2290,'Cold Beverages ',99),(2291,'Hot Beverages',400),(2292,'Tea',520),(2293,'cookies',15),(2294,'Coffee',690),(2295,'Cold Beverages ',99),(2296,'Hot Beverages',433),(2297,'Snacks ',30),(2298,'Tea',587),(2299,'cookies',15),(2306,'Coffee',690),(2307,'Cold Beverages ',99),(2308,'Hot Beverages',433),(2309,'Snacks ',30),(2310,'Tea',587),(2311,'cookies',30),(2318,'Coffee',690),(2319,'Cold Beverages ',99),(2320,'Hot Beverages',433),(2321,'Snacks ',30),(2322,'Tea',587),(2323,'cookies',30),(2328,'Coffee',60),(2329,'Hot Beverages',18),(2330,'Snacks ',30),(2331,'Tea',21),(2332,'Coffee',180),(2333,'Hot Beverages',18),(2334,'Snacks ',60),(2335,'Tea',42),(2336,'Coffee',240),(2337,'Hot Beverages',36),(2338,'Snacks ',60),(2339,'Tea',105),(2340,'cookies',5),(2341,'Coffee',390),(2342,'Cold Beverages ',417),(2343,'Hot Beverages',72),(2344,'Snacks ',218),(2345,'Tea',105),(2346,'cookies',5),(2347,'Coffee',390),(2348,'Cold Beverages ',417),(2349,'Hot Beverages',72),(2350,'Snacks ',218),(2351,'Tea',105),(2352,'cookies',5),(2353,'Coffee',426),(2354,'Cold Beverages ',417),(2355,'Hot Beverages',72),(2356,'Snacks ',248),(2357,'Tea',126),(2358,'cookies',10),(2365,'Coffee',456),(2366,'Cold Beverages ',417),(2367,'Hot Beverages',342),(2368,'Snacks ',417),(2369,'Tea',168),(2370,'cookies',40),(2371,'Coffee',456),(2372,'Cold Beverages ',417),(2373,'Hot Beverages',342),(2374,'Snacks ',417),(2375,'Tea',210),(2376,'cookies',50),(2377,'Coffee',576),(2378,'Cold Beverages ',595),(2379,'Hot Beverages',375),(2380,'None',15),(2381,'Snacks ',417),(2382,'Tea',256),(2383,'cookies',50),(2384,'Coffee',888),(2385,'Cold Beverages ',793),(2386,'Hot Beverages',408),(2387,'None',15),(2388,'Snacks ',695),(2389,'Tea',340),(2390,'cookies',50),(2391,'Coffee',888),(2392,'Cold Beverages ',793),(2393,'Hot Beverages',408),(2394,'None',15),(2395,'Snacks ',695),(2396,'Tea',340),(2397,'cookies',50),(2398,'Coffee',978),(2399,'Cold Beverages ',793),(2400,'Hot Beverages',408),(2401,'None',15),(2402,'Snacks ',725),(2403,'Tea',361),(2404,'cookies',50),(2405,'Coffee',978),(2406,'Cold Beverages ',793),(2407,'Hot Beverages',408),(2408,'None',15),(2409,'Snacks ',725),(2410,'Tea',382),(2411,'cookies',50),(2412,'Coffee',978),(2413,'Cold Beverages ',793),(2414,'Hot Beverages',408),(2415,'None',15),(2416,'Snacks ',725),(2417,'Tea',382),(2418,'cookies',50),(2419,'Coffee',1008),(2420,'Cold Beverages ',793),(2421,'Hot Beverages',487),(2422,'None',15),(2423,'Snacks ',725),(2424,'Tea',382),(2425,'cookies',50),(2434,'Coffee',1008),(2435,'Cold Beverages ',793),(2436,'Cookies',10),(2437,'Hot Beverages',487),(2438,'None',15),(2439,'Snacks ',725),(2440,'Tea',445),(2441,'cookies',50),(2442,'Coffee',1008),(2443,'Cold Beverages ',793),(2444,'Cookies',20),(2445,'Hot Beverages',487),(2446,'None',15),(2447,'Snacks ',725),(2448,'Tea',466),(2449,'cookies',60),(2458,'Coffee',12645),(2459,'Cold Beverages ',7933),(2460,'Cookies',20),(2461,'Hot Beverages',5217),(2462,'None',15),(2463,'Snacks ',6471),(2464,'Tea',8788),(2465,'cookies',1750),(2466,'Coffee',1128),(2467,'Cold Beverages ',793),(2468,'Cookies',20),(2469,'Hot Beverages',487),(2470,'None',15),(2471,'Snacks ',755),(2472,'Tea',529),(2473,'cookies',60),(2474,'Coffee',1128),(2475,'Cold Beverages ',793),(2476,'Cookies',20),(2477,'Hot Beverages',487),(2478,'None',15),(2479,'Snacks ',755),(2480,'Tea',550),(2481,'cookies',60),(2506,'Coffee',1818),(2507,'Cold Beverages ',892),(2508,'Cookies',20),(2509,'Hot Beverages',999),(2510,'None',15),(2511,'Snacks ',894),(2512,'Tea',1137),(2513,'cookies',90),(2514,'Coffee',1164),(2515,'Cold Beverages ',793),(2516,'Cookies',20),(2517,'Hot Beverages',599),(2518,'None',15),(2519,'Snacks ',924),(2520,'Tea',592),(2521,'cookies',70),(2522,'Coffee',1164),(2523,'Cold Beverages ',793),(2524,'Cookies',20),(2525,'Hot Beverages',757),(2526,'None',15),(2527,'Snacks ',924),(2528,'Tea',617),(2529,'cookies',70),(2546,'Coffee',1284),(2547,'Cold Beverages ',793),(2548,'Cookies',20),(2549,'Hot Beverages',757),(2550,'None',15),(2551,'Snacks ',954),(2552,'Tea',617),(2553,'cookies',70),(2554,'Coffee',1284),(2555,'Cold Beverages ',793),(2556,'Cookies',60),(2557,'Hot Beverages',836),(2558,'None',15),(2559,'Snacks ',954),(2560,'Tea',684),(2561,'cookies',80),(2562,'Coffee',1314),(2563,'Cold Beverages ',793),(2564,'Cookies',60),(2565,'Hot Beverages',836),(2566,'None',15),(2567,'Snacks ',954),(2568,'Tea',684),(2569,'cookies',80),(2578,'Coffee',1314),(2579,'Cold Beverages ',982),(2580,'Cookies',80),(2581,'Hot Beverages',836),(2582,'None',15),(2583,'Snacks ',954),(2584,'Tea',684),(2585,'cookies',80),(2610,'Coffee',13416),(2611,'Cold Beverages ',8806),(2612,'Cookies',80),(2613,'Hot Beverages',5777),(2614,'None',15),(2615,'Snacks ',6700),(2616,'Tea',9138),(2617,'cookies',1770),(2618,'Coffee',1344),(2619,'Cold Beverages ',982),(2620,'Cookies',80),(2621,'Hot Beverages',836),(2622,'None',15),(2623,'Snacks ',954),(2624,'Tea',755),(2625,'cookies',80),(2626,'Coffee',1344),(2627,'Cold Beverages ',982),(2628,'Cookies',80),(2629,'Hot Beverages',836),(2630,'None',15),(2631,'Snacks ',954),(2632,'Tea',755),(2633,'cookies',80),(2638,'Coffee',66),(2639,'Tea',46),(2640,'Coffee',66),(2641,'Tea',46),(2644,'Coffee',126),(2645,'Tea',67),(2649,'Coffee',1344),(2650,'Cold Beverages ',982),(2651,'Cookies',80),(2652,'Hot Beverages',836),(2653,'None',15),(2654,'Snacks ',954),(2655,'Tea',755),(2656,'cookies',80),(2661,'Coffee',1344),(2662,'Cold Beverages ',982),(2663,'Cookies',80),(2664,'Hot Beverages',836),(2665,'None',15),(2666,'Snacks ',954),(2667,'Tea',755),(2668,'cookies',80),(2669,'Coffee',156),(2670,'Cookies',30),(2671,'Hot Beverages',18),(2672,'Tea',151),(2673,'Coffee',366),(2674,'Cookies',70),(2675,'Hot Beverages',18),(2676,'Tea',193),(2677,'Coffee',486),(2678,'Cookies',80),(2679,'Hot Beverages',18),(2680,'Tea',193),(2681,'Coffee',486),(2682,'Cookies',80),(2683,'Hot Beverages',18),(2684,'Tea',235),(2685,'Coffee',486),(2686,'Cookies',80),(2687,'Hot Beverages',36),(2688,'Tea',277),(2705,'Coffee',486),(2706,'Cookies',80),(2707,'Hot Beverages',36),(2708,'Tea',411),(2709,'Coffee',486),(2710,'Cookies',80),(2711,'Hot Beverages',36),(2712,'Tea',453),(2713,'Coffee',606),(2714,'Cookies',80),(2715,'Hot Beverages',36),(2716,'Tea',545),(2717,'Coffee',726),(2718,'Cookies',120),(2719,'Hot Beverages',36),(2720,'Tea',612),(2721,'Coffee',756),(2722,'Cookies',235),(2723,'Hot Beverages',36),(2724,'Tea',633),(2725,'Coffee',756),(2726,'Cookies',235),(2727,'Hot Beverages',36),(2728,'Tea',696),(2729,'Coffee',756),(2730,'Cold Beverages ',99),(2731,'Cookies',235),(2732,'Hot Beverages',36),(2733,'Tea',696),(2747,'Coffee',756),(2748,'Cold Beverages ',99),(2749,'Cookies',235),(2750,'Hot Beverages',36),(2751,'Tea',696),(2757,'Coffee',756),(2758,'Cold Beverages ',99),(2759,'Cookies',235),(2760,'Hot Beverages',36),(2761,'Tea',696),(2782,'Coffee',816),(2783,'Cold Beverages ',378),(2784,'Cookies',235),(2785,'Hot Beverages',36),(2786,'Snacks ',150),(2787,'Tea',696),(2794,'Coffee',14262),(2795,'Cold Beverages ',9184),(2796,'Cookies',305),(2797,'Hot Beverages',5813),(2798,'None',15),(2799,'Snacks ',6850),(2800,'Tea',9951),(2801,'cookies',1780),(2802,'Coffee',876),(2803,'Cold Beverages ',378),(2804,'Cookies',235),(2805,'Hot Beverages',54),(2806,'Snacks ',150),(2807,'Tea',742),(2814,'Coffee',906),(2815,'Cold Beverages ',378),(2816,'Cookies',245),(2817,'Hot Beverages',54),(2818,'Snacks ',150),(2819,'Tea',763),(2820,'Coffee',936),(2821,'Cold Beverages ',378),(2822,'Cookies',265),(2823,'Hot Beverages',54),(2824,'Snacks ',170),(2825,'Tea',910),(2835,'Coffee',162),(2836,'Cookies',20),(2837,'Hot Beverages',18),(2838,'Tea',42),(2839,'Coffee',192),(2840,'Cookies',20),(2841,'Hot Beverages',18),(2842,'Tea',42),(2847,'Coffee',192),(2848,'Cookies',20),(2849,'Hot Beverages',18),(2850,'Tea',42),(2851,'Coffee',192),(2852,'Cookies',20),(2853,'Hot Beverages',18),(2854,'Snacks ',30),(2855,'Tea',63),(2869,'Coffee',3342),(2870,'Cold Beverages ',1459),(2871,'Cookies',355),(2872,'Hot Beverages',1341),(2873,'None',15),(2874,'Snacks ',1214),(2875,'Tea',2315),(2876,'cookies',140),(2877,'Coffee',312),(2878,'Cookies',40),(2879,'Hot Beverages',18),(2880,'Snacks ',60),(2881,'Tea',63),(2882,'Coffee',372),(2883,'Cookies',40),(2884,'Hot Beverages',18),(2885,'Snacks ',60),(2886,'Tea',113),(2893,'Coffee',462),(2894,'Cold Beverages ',248),(2895,'Cookies',65),(2896,'Hot Beverages',18),(2897,'Snacks ',180),(2898,'Tea',243),(2899,'Coffee',552),(2900,'Cold Beverages ',248),(2901,'Cookies',70),(2902,'Hot Beverages',18),(2903,'Snacks ',180),(2904,'Tea',285),(2911,'Coffee',552),(2912,'Cold Beverages ',248),(2913,'Cookies',70),(2914,'Hot Beverages',18),(2915,'Snacks ',180),(2916,'Tea',432),(2917,'Coffee',612),(2918,'Cold Beverages ',248),(2919,'Cookies',70),(2920,'Hot Beverages',18),(2921,'Snacks ',210),(2922,'Tea',482),(2923,'Coffee',612),(2924,'Cold Beverages ',248),(2925,'Cookies',115),(2926,'Hot Beverages',18),(2927,'Snacks ',210),(2928,'Tea',524),(2929,'Coffee',612),(2930,'Cold Beverages ',248),(2931,'Cookies',125),(2932,'Hot Beverages',18),(2933,'Snacks ',210),(2934,'Tea',545),(2935,'Coffee',612),(2936,'Cold Beverages ',248),(2937,'Cookies',125),(2938,'Hot Beverages',18),(2939,'Snacks ',210),(2940,'Tea',608),(2941,'Coffee',792),(2942,'Cold Beverages ',446),(2943,'Cookies',125),(2944,'Hot Beverages',18),(2945,'None',5),(2946,'Snacks ',210),(2947,'Tea',654),(2948,'Coffee',792),(2949,'Cold Beverages ',446),(2950,'Cookies',155),(2951,'Hot Beverages',18),(2952,'None',5),(2953,'Snacks ',240),(2954,'Tea',717),(2955,'Coffee',792),(2956,'Cold Beverages ',446),(2957,'Cookies',155),(2958,'Hot Beverages',18),(2959,'None',5),(2960,'Snacks ',240),(2961,'Tea',738),(2962,'Coffee',792),(2963,'Cold Beverages ',446),(2964,'Cookies',155),(2965,'Hot Beverages',18),(2966,'None',5),(2967,'Snacks ',240),(2968,'Tea',759),(2969,'Coffee',822),(2970,'Cold Beverages ',446),(2971,'Cookies',155),(2972,'Hot Beverages',18),(2973,'None',5),(2974,'Snacks ',270),(2975,'Tea',784),(2976,'Coffee',822),(2977,'Cold Beverages ',446),(2978,'Cookies',155),(2979,'Hot Beverages',18),(2980,'None',5),(2981,'Snacks ',270),(2982,'Tea',784),(2983,'Coffee',822),(2984,'Cold Beverages ',446),(2985,'Cookies',155),(2986,'Hot Beverages',18),(2987,'None',5),(2988,'Snacks ',270),(2989,'Tea',805),(2990,'Coffee',842),(2991,'Cold Beverages ',446),(2992,'Cookies',165),(2993,'Hot Beverages',18),(2994,'None',5),(2995,'Snacks ',270),(2996,'Tea',826),(3018,'Coffee',842),(3019,'Cold Beverages ',644),(3020,'Cookies',165),(3021,'Hot Beverages',18),(3022,'None',5),(3023,'Snacks ',300),(3024,'Tea',847),(3025,'Coffee',842),(3026,'Cold Beverages ',644),(3027,'Cookies',175),(3028,'Hot Beverages',18),(3029,'None',5),(3030,'Snacks ',330),(3031,'Tea',868),(3032,'Coffee',842),(3033,'Cold Beverages ',644),(3034,'Cookies',175),(3035,'Hot Beverages',18),(3036,'None',5),(3037,'Snacks ',330),(3038,'Tea',868),(3046,'Coffee',842),(3047,'Cold Beverages ',644),(3048,'Cookies',175),(3049,'Hot Beverages',18),(3050,'None',5),(3051,'Snacks ',330),(3052,'Tea',868),(3053,'Coffee',902),(3054,'Cold Beverages ',723),(3055,'Cookies',175),(3056,'Hot Beverages',18),(3057,'None',5),(3058,'Snacks ',330),(3059,'Tea',889),(3060,'Coffee',902),(3061,'Cold Beverages ',723),(3062,'Cookies',175),(3063,'Hot Beverages',18),(3064,'None',5),(3065,'Snacks ',360),(3066,'Tea',889),(3074,'Coffee',15344),(3075,'Cold Beverages ',9907),(3076,'Cookies',435),(3077,'Hot Beverages',5849),(3078,'None',20),(3079,'Snacks ',7260),(3080,'Tea',11008),(3081,'cookies',1855),(3082,'Coffee',902),(3083,'Cold Beverages ',782),(3084,'Cookies',175),(3085,'Hot Beverages',18),(3086,'None',5),(3087,'Snacks ',390),(3088,'Tea',889),(3089,'Coffee',932),(3090,'Cold Beverages ',841),(3091,'Cookies',175),(3092,'Hot Beverages',18),(3093,'None',5),(3094,'Snacks ',390),(3095,'Tea',931),(3133,'Coffee',4022),(3134,'Cold Beverages ',2300),(3135,'Cookies',435),(3136,'Hot Beverages',1341),(3137,'None',20),(3138,'Snacks ',1574),(3139,'Tea',3183),(3140,'cookies',195),(3147,'Coffee',992),(3148,'Cold Beverages ',1021),(3149,'Cookies',175),(3150,'Hot Beverages',130),(3151,'None',5),(3152,'Snacks ',420),(3153,'Tea',1093),(3154,'Coffee',110),(3155,'Cold Beverages ',180),(3156,'Hot Beverages',130),(3157,'Snacks ',60),(3158,'Tea',183),(3159,'Coffee',170),(3160,'Cold Beverages ',180),(3161,'Hot Beverages',196),(3162,'Snacks ',60),(3163,'Tea',183),(3164,'Coffee',170),(3165,'Cold Beverages ',180),(3166,'Hot Beverages',214),(3167,'Snacks ',60),(3168,'Tea',183),(3185,'Coffee',170),(3186,'Cold Beverages ',180),(3187,'Hot Beverages',214),(3188,'Snacks ',60),(3189,'Tea',183),(3190,'Coffee',230),(3191,'Cold Beverages ',180),(3192,'Hot Beverages',214),(3193,'Snacks ',90),(3194,'Tea',183),(3264,'Coffee',680),(3265,'Cold Beverages ',468),(3266,'Cookies',215),(3267,'Hot Beverages',451),(3268,'Snacks ',120),(3269,'Tea',372),(3276,'Coffee',16204),(3277,'Cold Beverages ',10493),(3278,'Cookies',650),(3279,'Hot Beverages',6300),(3280,'None',20),(3281,'Snacks ',7410),(3282,'Tea',11443),(3283,'cookies',1865),(3303,'Coffee',830),(3304,'Cold Beverages ',468),(3305,'Cookies',225),(3306,'Hot Beverages',451),(3307,'Snacks ',120),(3308,'Tea',477),(3309,'Coffee',60),(3310,'Cookies',20),(3311,'Hot Beverages',18),(3312,'Snacks ',30),(3313,'Tea',67),(3314,'Coffee',120),(3315,'Cookies',60),(3316,'Hot Beverages',18),(3317,'Snacks ',30),(3318,'Tea',159),(3319,'Coffee',240),(3320,'Cold Beverages ',158),(3321,'Cookies',100),(3322,'Hot Beverages',18),(3323,'Snacks ',180),(3324,'Tea',335),(3325,'Coffee',330),(3326,'Cold Beverages ',158),(3327,'Cookies',110),(3328,'Hot Beverages',18),(3329,'Snacks ',180),(3330,'Tea',398),(3331,'Coffee',360),(3332,'Cold Beverages ',158),(3333,'Cookies',130),(3334,'Hot Beverages',18),(3335,'Snacks ',180),(3336,'Tea',494),(3337,'Coffee',360),(3338,'Cold Beverages ',158),(3339,'Cookies',130),(3340,'Hot Beverages',18),(3341,'Snacks ',180),(3342,'Tea',494),(3343,'Coffee',476),(3344,'Cold Beverages ',217),(3345,'Cookies',160),(3346,'Hot Beverages',18),(3347,'Snacks ',210),(3348,'Tea',536),(3349,'Coffee',536),(3350,'Cold Beverages ',217),(3351,'Cookies',165),(3352,'Hot Beverages',18),(3353,'Snacks ',210),(3354,'Tea',557),(3355,'Coffee',536),(3356,'Cold Beverages ',217),(3357,'Cookies',165),(3358,'Hot Beverages',18),(3359,'Snacks ',270),(3360,'Tea',557),(3361,'Coffee',626),(3362,'Cold Beverages ',217),(3363,'Cookies',165),(3364,'Hot Beverages',18),(3365,'Snacks ',270),(3366,'Tea',582),(3367,'Coffee',626),(3368,'Cold Beverages ',296),(3369,'Cookies',165),(3370,'Hot Beverages',97),(3371,'Snacks ',270),(3372,'Tea',582),(3373,'Coffee',626),(3374,'Cold Beverages ',296),(3375,'Cookies',165),(3376,'Hot Beverages',97),(3377,'Snacks ',270),(3378,'Tea',582),(3379,'Coffee',626),(3380,'Cold Beverages ',395),(3381,'Cookies',185),(3382,'Hot Beverages',176),(3383,'Snacks ',270),(3384,'Tea',582),(3385,'Coffee',626),(3386,'Cold Beverages ',395),(3387,'Cookies',185),(3388,'Hot Beverages',176),(3389,'Snacks ',300),(3390,'Tea',607),(3394,'Coffee',626),(3395,'Cold Beverages ',395),(3396,'Cookies',205),(3397,'Hot Beverages',209),(3398,'Snacks ',300),(3399,'Tea',674),(3403,'Cookies',20),(3404,'Hot Beverages',33),(3405,'Tea',67),(3406,'Coffee',30),(3407,'Cookies',20),(3408,'Hot Beverages',33),(3409,'Tea',159),(3410,'Coffee',60),(3411,'Cookies',30),(3412,'Hot Beverages',112),(3413,'Snacks ',30),(3414,'Tea',180),(3415,'Coffee',90),(3416,'Cookies',50),(3417,'Hot Beverages',112),(3418,'Snacks ',30),(3419,'Tea',280),(3425,'Coffee',186),(3426,'Cookies',50),(3427,'Hot Beverages',112),(3428,'Snacks ',55),(3429,'Tea',280),(3430,'Coffee',186),(3431,'Cookies',50),(3432,'Hot Beverages',112),(3433,'Snacks ',55),(3434,'Tea',280),(3435,'Coffee',306),(3436,'Cold Beverages ',90),(3437,'Cookies',50),(3438,'Hot Beverages',112),(3439,'Snacks ',115),(3440,'Tea',343),(3441,'Coffee',306),(3442,'Cold Beverages ',189),(3443,'Cookies',55),(3444,'Hot Beverages',112),(3445,'Snacks ',115),(3446,'Tea',364),(3453,'Coffee',336),(3454,'Cold Beverages ',189),(3455,'Cookies',55),(3456,'Hot Beverages',112),(3457,'Snacks ',115),(3458,'Tea',385),(3459,'Coffee',366),(3460,'Cold Beverages ',189),(3461,'Cookies',55),(3462,'Hot Beverages',178),(3463,'Snacks ',175),(3464,'Tea',385),(3465,'Coffee',366),(3466,'Cold Beverages ',189),(3467,'Cookies',75),(3468,'Hot Beverages',178),(3469,'Snacks ',175),(3470,'Tea',406),(3471,'Coffee',366),(3472,'Cold Beverages ',189),(3473,'Cookies',75),(3474,'Hot Beverages',178),(3475,'Snacks ',175),(3476,'Tea',427),(3477,'Coffee',462),(3478,'Cold Beverages ',189),(3479,'Cookies',95),(3480,'Hot Beverages',178),(3481,'Snacks ',175),(3482,'Tea',427),(3483,'Coffee',462),(3484,'Cold Beverages ',189),(3485,'Cookies',95),(3486,'Hot Beverages',178),(3487,'Snacks ',175),(3488,'Tea',452),(3489,'Coffee',482),(3490,'Cold Beverages ',189),(3491,'Cookies',95),(3492,'Hot Beverages',178),(3493,'Snacks ',175),(3494,'Tea',498),(3495,'Coffee',512),(3496,'Cold Beverages ',189),(3497,'Cookies',95),(3498,'Hot Beverages',178),(3499,'Snacks ',205),(3500,'Tea',561),(3501,'Coffee',512),(3502,'Cold Beverages ',268),(3503,'Cookies',95),(3504,'Hot Beverages',257),(3505,'Snacks ',265),(3506,'Tea',561),(3507,'Coffee',512),(3508,'Cold Beverages ',268),(3509,'Cookies',95),(3510,'Hot Beverages',257),(3511,'Snacks ',265),(3512,'Tea',561),(3513,'Coffee',542),(3514,'Cold Beverages ',268),(3515,'Cookies',95),(3516,'Hot Beverages',257),(3517,'Snacks ',265),(3518,'Tea',561),(3519,'Coffee',542),(3520,'Cold Beverages ',268),(3521,'Cookies',95),(3522,'Hot Beverages',323),(3523,'Snacks ',285),(3524,'Tea',582),(3537,'Coffee',17432),(3538,'Cold Beverages ',11156),(3539,'Cookies',920),(3540,'Hot Beverages',6799),(3541,'None',20),(3542,'Snacks ',7995),(3543,'Tea',12716),(3544,'cookies',1875),(3545,'Coffee',542),(3546,'Cold Beverages ',268),(3547,'Cookies',95),(3548,'Hot Beverages',323),(3549,'Snacks ',285),(3550,'Tea',582),(3563,'Coffee',17462),(3564,'Cold Beverages ',11156),(3565,'Cookies',920),(3566,'Hot Beverages',6799),(3567,'None',20),(3568,'Snacks ',8020),(3569,'Tea',12716),(3570,'cookies',1875),(3571,'Coffee',572),(3572,'Cold Beverages ',367),(3573,'Cookies',95),(3574,'Hot Beverages',402),(3575,'Snacks ',310),(3576,'Tea',582),(3579,'Coffee',572),(3580,'Cold Beverages ',367),(3581,'Cookies',95),(3582,'Hot Beverages',402),(3583,'Snacks ',340),(3584,'Tea',632),(3585,'Snacks ',30),(3586,'Tea',50),(3587,'Coffee',30),(3588,'Cold Beverages ',90),(3589,'Snacks ',30),(3590,'Tea',176),(3591,'Coffee',30),(3592,'Cold Beverages ',149),(3593,'Snacks ',30),(3594,'Tea',201),(3595,'Coffee',60),(3596,'Cold Beverages ',149),(3597,'Snacks ',60),(3598,'Tea',201),(3599,'Coffee',90),(3600,'Cold Beverages ',149),(3601,'Hot Beverages',18),(3602,'Snacks ',60),(3603,'Tea',201),(3604,'Coffee',90),(3605,'Cold Beverages ',149),(3606,'Hot Beverages',18),(3607,'Snacks ',60),(3608,'Tea',264),(3609,'Coffee',90),(3610,'Cold Beverages ',329),(3611,'Cookies',10),(3612,'Hot Beverages',18),(3613,'Snacks ',60),(3614,'Tea',285),(3615,'Coffee',120),(3616,'Cold Beverages ',329),(3617,'Cookies',10),(3618,'Hot Beverages',18),(3619,'Snacks ',60),(3620,'Tea',306),(3627,'Coffee',690),(3628,'Cold Beverages ',99),(3629,'Hot Beverages',433),(3630,'Snacks ',30),(3631,'Tea',587),(3632,'cookies',30),(3633,'Coffee',206),(3634,'Cold Beverages ',329),(3635,'Cookies',60),(3636,'Hot Beverages',36),(3637,'Snacks ',90),(3638,'Tea',524),(3639,'Coffee',226),(3640,'Cold Beverages ',329),(3641,'Cookies',60),(3642,'Hot Beverages',36),(3643,'Snacks ',90),(3644,'Tea',545),(3645,'Coffee',286),(3646,'Cold Beverages ',329),(3647,'Cookies',60),(3648,'Hot Beverages',54),(3649,'Snacks ',90),(3650,'Tea',587),(3651,'Coffee',286),(3652,'Cold Beverages ',408),(3653,'Cookies',60),(3654,'Hot Beverages',54),(3655,'Snacks ',90),(3656,'Tea',587),(3657,'Coffee',286),(3658,'Cold Beverages ',408),(3659,'Cookies',60),(3660,'Hot Beverages',54),(3661,'Snacks ',90),(3662,'Tea',587),(3669,'Coffee',286),(3670,'Cold Beverages ',408),(3671,'Cookies',70),(3672,'Hot Beverages',54),(3673,'Snacks ',90),(3674,'Tea',608),(3675,'Coffee',352),(3676,'Cold Beverages ',408),(3677,'Cookies',80),(3678,'Hot Beverages',54),(3679,'Snacks ',90),(3680,'Tea',650),(3707,'Coffee',6402),(3708,'Cold Beverages ',3938),(3709,'Cookies',990),(3710,'Hot Beverages',2582),(3711,'None',20),(3712,'Snacks ',2394),(3713,'Tea',5499),(3714,'cookies',225),(3715,'Coffee',382),(3716,'Cold Beverages ',408),(3717,'Cookies',80),(3718,'Hot Beverages',230),(3719,'Snacks ',90),(3720,'Tea',734),(3721,'Coffee',382),(3722,'Cold Beverages ',408),(3723,'Cookies',80),(3724,'Hot Beverages',248),(3725,'Snacks ',90),(3726,'Tea',780),(3733,'Coffee',382),(3734,'Cold Beverages ',408),(3735,'Cookies',80),(3736,'Hot Beverages',314),(3737,'Snacks ',90),(3738,'Tea',780),(3751,'Coffee',6432),(3752,'Cold Beverages ',3938),(3753,'Cookies',990),(3754,'Hot Beverages',2684),(3755,'None',20),(3756,'Snacks ',2419),(3757,'Tea',5644),(3758,'cookies',225),(3759,'Coffee',382),(3760,'Cold Beverages ',408),(3761,'Cookies',80),(3762,'Hot Beverages',314),(3763,'Snacks ',115),(3764,'Tea',795),(3765,'Coffee',30),(3766,'Tea',21),(3767,'Coffee',382),(3768,'Cold Beverages ',408),(3769,'Cookies',80),(3770,'Hot Beverages',314),(3771,'Snacks ',115),(3772,'Tea',795),(3810,'Coffee',532),(3811,'Cold Beverages ',248),(3812,'Cookies',100),(3813,'Hot Beverages',33),(3814,'Snacks ',290),(3815,'Tea',344),(3822,'Coffee',582),(3823,'Cold Beverages ',248),(3824,'Cookies',110),(3825,'Hot Beverages',33),(3826,'Snacks ',290),(3827,'Tea',428),(3834,'Coffee',582),(3835,'Cold Beverages ',248),(3836,'Cookies',110),(3837,'Hot Beverages',33),(3838,'Snacks ',290),(3839,'Tea',449),(3840,'Coffee',612),(3841,'Cold Beverages ',248),(3842,'Cookies',110),(3843,'Hot Beverages',33),(3844,'Snacks ',290),(3845,'Tea',449),(3846,'Coffee',612),(3847,'Cold Beverages ',248),(3848,'Cookies',130),(3849,'Hot Beverages',33),(3850,'Snacks ',345),(3851,'Tea',512),(3852,'Coffee',612),(3853,'Cold Beverages ',248),(3854,'Cookies',130),(3855,'Hot Beverages',33),(3856,'Snacks ',345),(3857,'Tea',537),(3858,'Coffee',612),(3859,'Cold Beverages ',248),(3860,'Cookies',130),(3861,'Hot Beverages',270),(3862,'Snacks ',345),(3863,'Tea',537),(3870,'Coffee',642),(3871,'Cold Beverages ',248),(3872,'Cookies',130),(3873,'Hot Beverages',303),(3874,'Snacks ',345),(3875,'Tea',537),(3896,'Coffee',642),(3897,'Cold Beverages ',248),(3898,'Cookies',130),(3899,'Hot Beverages',303),(3900,'Snacks ',345),(3901,'Tea',537),(3922,'Coffee',2432),(3923,'Cold Beverages ',1418),(3924,'Cookies',525),(3925,'Hot Beverages',1195),(3926,'Snacks ',1095),(3927,'Tea',2613),(4006,'Coffee',2792),(4007,'Cold Beverages ',1626),(4008,'Cookies',595),(4009,'Hot Beverages',1457),(4010,'Snacks ',1314),(4011,'Tea',3091),(4096,'Coffee',740),(4097,'Cold Beverages ',208),(4098,'Cookies',180),(4099,'Hot Beverages',295),(4100,'Snacks ',244),(4101,'Tea',799),(4164,'Coffee',410),(4165,'Cold Beverages ',426),(4166,'Cookies',70),(4167,'Hot Beverages',79),(4168,'Snacks ',298),(4169,'Tea',459),(5275,'Coffee',120),(5276,'Cookies',50),(5277,'Hot Beverages',18),(5278,'Snacks ',30),(5291,'Coffee',9596),(5292,'Cold Beverages ',4546),(5293,'Cookies',2525),(5294,'Hot Beverages',3007),(5295,'Snacks ',4182),(5296,'Tea',7443),(8204,'Coffee',290),(8205,'Cold Beverages ',217),(8206,'Cookies',30),(8207,'Snacks ',120),(8208,'Tea',195),(8209,'Coffee',430),(8210,'Cold Beverages ',217),(8211,'Cookies',145),(8212,'Hot Beverages',79),(8213,'Snacks ',170),(8214,'Tea',225),(8215,'Coffee',460),(8216,'Cold Beverages ',276),(8217,'Cookies',185),(8218,'Hot Beverages',79),(8219,'Snacks ',170),(8220,'Tea',300),(8221,'Coffee',460),(8222,'Cold Beverages ',276),(8223,'Cookies',185),(8224,'Hot Beverages',112),(8225,'Snacks ',170),(8226,'Tea',400),(8233,'Coffee',560),(8234,'Cold Beverages ',276),(8235,'Cookies',255),(8236,'Hot Beverages',112),(8237,'Snacks ',195),(8238,'Tea',430),(8245,'Coffee',600),(8246,'Cold Beverages ',414),(8247,'Cookies',370),(8248,'Hot Beverages',145),(8249,'Snacks ',195),(8250,'Tea',506),(8251,'Coffee',600),(8252,'Cold Beverages ',414),(8253,'Cookies',370),(8254,'Hot Beverages',145),(8255,'Snacks ',195),(8256,'Tea',506),(8257,'Coffee',800),(8258,'Cold Beverages ',414),(8259,'Cookies',380),(8260,'Hot Beverages',145),(8261,'Snacks ',195),(8262,'Tea',506),(8269,'Coffee',820),(8270,'Cold Beverages ',414),(8271,'Cookies',400),(8272,'Hot Beverages',145),(8273,'Snacks ',255),(8274,'Tea',536),(8275,'Coffee',940),(8276,'Cold Beverages ',493),(8277,'Cookies',400),(8278,'Hot Beverages',145),(8279,'Snacks ',345),(8280,'Tea',551),(8401,'Coffee',1140),(8402,'Cold Beverages ',642),(8403,'Cookies',450),(8404,'Hot Beverages',145),(8405,'Snacks ',841),(8406,'Tea',897),(8431,'Coffee',28970),(8432,'Cold Beverages ',12406),(8433,'Cookies',7110),(8434,'Hot Beverages',8025),(8435,'None',50),(8436,'Snacks ',13958),(8437,'Tea',22502),(8438,'cookies',805),(8439,'Coffee',1210),(8440,'Cold Beverages ',642),(8441,'Cookies',480),(8442,'Hot Beverages',224),(8443,'Snacks ',1016),(8444,'Tea',1014),(8477,'Coffee',1210),(8478,'Cold Beverages ',642),(8479,'Cookies',480),(8480,'Hot Beverages',224),(8481,'Snacks ',1016),(8482,'Tea',1056),(8483,'Coffee',1230),(8484,'Cold Beverages ',642),(8485,'Cookies',480),(8486,'Hot Beverages',224),(8487,'Snacks ',1016),(8488,'Tea',1071),(8489,'Coffee',1230),(8490,'Cold Beverages ',642),(8491,'Cookies',480),(8492,'Hot Beverages',224),(8493,'Snacks ',1016),(8494,'Tea',1071),(8495,'Coffee',1250),(8496,'Cold Beverages ',642),(8497,'Cookies',480),(8498,'Hot Beverages',224),(8499,'Snacks ',1016),(8500,'Tea',1137),(8501,'Coffee',1250),(8502,'Cold Beverages ',642),(8503,'Cookies',480),(8504,'Hot Beverages',303),(8505,'Snacks ',1016),(8506,'Tea',1137),(8513,'Coffee',1250),(8514,'Cold Beverages ',642),(8515,'Cookies',480),(8516,'Hot Beverages',303),(8517,'Snacks ',1016),(8518,'Tea',1162),(8519,'Coffee',1250),(8520,'Cold Beverages ',642),(8521,'Cookies',480),(8522,'Hot Beverages',303),(8523,'Snacks ',1016),(8524,'Tea',1162),(10330,'Coffee',170),(10331,'Cold Beverages ',79),(10332,'Cookies',40),(10333,'Hot Beverages',51),(10334,'Tea',170),(13942,'Blue Stone ',30),(13943,'Coffee',680),(13944,'Cold Beverages ',159),(13945,'Cookies',130),(13946,'Hot Beverages',99),(13947,'Snacks ',305),(13948,'Tea',570),(13998,'Blue Stone ',109),(13999,'Coffee',910),(14000,'Cold Beverages ',159),(14001,'Cookies',160),(14002,'Hot Beverages',244),(14003,'Snacks ',779),(14004,'Tea',930),(14005,'Blue Stone ',109),(14006,'Coffee',970),(14007,'Cold Beverages ',159),(14008,'Cookies',170),(14009,'Hot Beverages',244),(14010,'Snacks ',834),(14011,'Tea',1005),(14012,'Blue Stone ',109),(14013,'Coffee',990),(14014,'Cold Beverages ',159),(14015,'Cookies',170),(14016,'Hot Beverages',244),(14017,'Snacks ',834),(14018,'Tea',1041),(15176,'Blue Stone ',60),(15177,'Coffee',1126),(15178,'Cold Beverages ',237),(15179,'Cookies',152),(15180,'Hot Beverages',99),(15181,'Snacks ',832),(15182,'Tea',686),(15183,'Blue Stone ',60),(15184,'Coffee',1126),(15185,'Cold Beverages ',237),(15186,'Cookies',152),(15187,'Hot Beverages',99),(15188,'Snacks ',832),(15189,'Tea',686),(15190,'Blue Stone ',2298),(15191,'Coffee',22074),(15192,'Cold Beverages ',7476),(15193,'Cookies',6007),(15194,'Hot Beverages',7664),(15195,'Snacks ',13715),(15196,'Tea',19966),(15197,'parcel ',170),(15198,'Blue Stone ',60),(15199,'Coffee',1126),(15200,'Cold Beverages ',237),(15201,'Cookies',152),(15202,'Hot Beverages',99),(15203,'Snacks ',832),(15204,'Tea',686),(15205,'Blue Stone ',60),(15206,'Coffee',1146),(15207,'Cold Beverages ',237),(15208,'Cookies',172),(15209,'Hot Beverages',99),(15210,'Snacks ',832),(15211,'Tea',686),(15212,'Blue Stone ',60),(15213,'Coffee',1226),(15214,'Cold Beverages ',336),(15215,'Cookies',172),(15216,'Hot Beverages',99),(15217,'Snacks ',887),(15218,'Tea',731),(16725,'Blue Stone ',15),(16726,'Coffee',720),(16727,'Cold Beverages ',217),(16728,'Cookies',90),(16729,'Hot Beverages',33),(16730,'Snacks ',344),(16731,'Softy',320),(16732,'Tea',318),(16733,'Blue Stone ',15),(16734,'Coffee',720),(16735,'Cold Beverages ',217),(16736,'Cookies',90),(16737,'Hot Beverages',33),(16738,'Snacks ',344),(16739,'Softy',320),(16740,'Tea',318),(16741,'Blue Stone ',30),(16742,'Coffee',770),(16743,'Cold Beverages ',217),(16744,'Cookies',90),(16745,'Hot Beverages',33),(16746,'Snacks ',344),(16747,'Softy',320),(16748,'Tea',333),(16821,'Blue Stone ',30),(16822,'Coffee',1190),(16823,'Cold Beverages ',217),(16824,'Cookies',156),(16825,'Hot Beverages',33),(16826,'Snacks ',579),(16827,'Softy',705),(16828,'Tea',562),(16829,'Blue Stone ',30),(16830,'Coffee',1250),(16831,'Cold Beverages ',217),(16832,'Cookies',166),(16833,'Hot Beverages',33),(16834,'Snacks ',609),(16835,'Softy',705),(16836,'Tea',607),(16837,'Blue Stone ',30),(16838,'Coffee',1450),(16839,'Cold Beverages ',217),(16840,'Cookies',166),(16841,'Hot Beverages',33),(16842,'Snacks ',729),(16843,'Softy',705),(16844,'Tea',637),(16845,'Blue Stone ',30),(16846,'Coffee',1490),(16847,'Cold Beverages ',217),(16848,'Cookies',166),(16849,'Hot Beverages',33),(16850,'Snacks ',729),(16851,'Softy',795),(16852,'Tea',667),(16853,'Blue Stone ',30),(16854,'Coffee',1490),(16855,'Cold Beverages ',217),(16856,'Cookies',166),(16857,'Hot Beverages',33),(16858,'Snacks ',729),(16859,'Softy',795),(16860,'Tea',667),(16869,'Blue Stone ',30),(16870,'Coffee',1490),(16871,'Cold Beverages ',217),(16872,'Cookies',186),(16873,'Hot Beverages',33),(16874,'Snacks ',898),(16875,'Softy',840),(16876,'Tea',667),(16877,'Blue Stone ',30),(16878,'Coffee',1550),(16879,'Cold Beverages ',217),(16880,'Cookies',186),(16881,'Hot Beverages',112),(16882,'Snacks ',898),(16883,'Softy',840),(16884,'Tea',760),(16893,'Blue Stone ',30),(16894,'Coffee',1550),(16895,'Cold Beverages ',217),(16896,'Cookies',186),(16897,'Hot Beverages',112),(16898,'Snacks ',898),(16899,'Softy',840),(16900,'Tea',760),(16901,'Blue Stone ',30),(16902,'Coffee',1550),(16903,'Cold Beverages ',217),(16904,'Cookies',186),(16905,'Hot Beverages',112),(16906,'Snacks ',898),(16907,'Softy',840),(16908,'Tea',760),(17005,'Blue Stone ',976),(17006,'Coffee',11646),(17007,'Cold Beverages ',2579),(17008,'Cookies',2918),(17009,'Hot Beverages',2672),(17010,'Snacks ',7060),(17011,'Softy',1305),(17012,'Tea',9070),(17013,'parcel ',10),(17030,'Blue Stone ',30),(17031,'Coffee',1690),(17032,'Cold Beverages ',791),(17033,'Cookies',186),(17034,'Hot Beverages',145),(17035,'Snacks ',943),(17036,'Softy',1020),(17037,'Tea',815),(18244,'Coffee',430),(18245,'Cookies',10),(18246,'Hot Beverages',66),(18247,'Snacks ',150),(18248,'Tea',315),(18249,'Coffee',430),(18250,'Cookies',10),(18251,'Hot Beverages',66),(18252,'Snacks ',150),(18253,'Tea',315),(18261,'Coffee',40),(18263,'Coffee',40),(18266,'Coffee',40),(18269,'Coffee',40),(18270,'Coffee',40);
INSERT INTO `userdata` (`_id`, `username`, `total`) VALUES (1,'admin',102);
INSERT INTO `userwiseorderlistitems` (`_id`, `username`, `sales`, `salespercentage`) VALUES (1,'Srikanth',102,100);
