INSERT INTO `all_sales` (`_id`, `itemname`, `quantity`, `price`, `total`, `type`, `parent`, `parentid`, `mod_assigned`, `tax`, `taxname`, `bill_no`, `time`, `date`, `user`, `table_id`, `billtype`, `paymentmethod`, `billamount_disapply`, `billamount_disnotapply`, `_idd`, `deleted_not`, `modifiedquantity`, `quantitycopy`, `modifiedtotal`, `date1`, `datetimee`, `disc_type`, `disc_value`, `newtotal`, `disc_thereornot`, `disc_indiv_total`, `new_modified_total`, `datetimee_new`, `hsn_code`, `taxname2`, `tax2`, `taxname3`, `tax3`, `taxname4`, `tax4`, `taxname5`, `tax5`, `category`, `counterperson_username`, `counterperson_name`, `credit`, `Phone_num`, `barcode_get`, `order_id`, `old_total`, `hsn_code2`, `hsn_code3`, `hsn_code4`, `hsn_code5`, `item_online`, `old_total_indiv`) VALUES (1,'idly','1.0','5.00','5.00','Item',NULL,NULL,'no',NULL,NULL,'20250415-1-000011','11:06:11 AM','2025 04 15','user1','1','  Takeaway','  Cash','245.00','245.00','3',NULL,NULL,NULL,NULL,'15 Apr 2025','2025041511:06:11','%','0','5.00','no','0.00',NULL,'202504151106','',NULL,NULL,NULL,NULL,NULL,NULL,NULL,NULL,'Tiffin','ladmin','ragesh',NULL,NULL,'',NULL,'5.00','','','','',NULL,'5.00'),(2,'masal dosa','1.0','40.00','40.00','Item',NULL,NULL,'no',NULL,NULL,'20250415-1-000011','11:06:11 AM','2025 04 15','user1','1','  Takeaway','  Cash','245.00','245.00','4',NULL,NULL,NULL,NULL,'15 Apr 2025','2025041511:06:11','%','0','40.00','no','0.00',NULL,'202504151106','',NULL,NULL,NULL,NULL,NULL,NULL,NULL,NULL,'Tiffin','ladmin','ragesh',NULL,NULL,'',NULL,'40.00','','','','',NULL,'40.00'),(3,'pongal','1.0','30.00','30.00','Item',NULL,NULL,'no',NULL,NULL,'20250415-1-000011','11:06:11 AM','2025 04 15','user1','1','  Takeaway','  Cash','245.00','245.00','5',NULL,NULL,NULL,NULL,'15 Apr 2025','2025041511:06:11','%','0','30.00','no','0.00',NULL,'202504151106','',NULL,NULL,NULL,NULL,NULL,NULL,NULL,NULL,'Tiffin','ladmin','ragesh',NULL,NULL,'',NULL,'30.00','','','','',NULL,'30.00'),(4,'rava dosa','1.0','35.00','35.00','Item',NULL,NULL,'no',NULL,NULL,'20250415-1-000011','11:06:11 AM','2025 04 15','user1','1','  Takeaway','  Cash','245.00','245.00','6',NULL,NULL,NULL,NULL,'15 Apr 2025','2025041511:06:11','%','0','35.00','no','0.00',NULL,'202504151106','',NULL,NULL,NULL,NULL,NULL,NULL,NULL,NULL,'Tiffin','ladmin','ragesh',NULL,NULL,'',NULL,'35.00','','','','',NULL,'35.00'),(5,'masal vada','1.0','20.00','20.00','Item',NULL,NULL,'no',NULL,NULL,'20250415-1-000011','11:06:11 AM','2025 04 15','user1','1','  Takeaway','  Cash','245.00','245.00','7',NULL,NULL,NULL,NULL,'15 Apr 2025','2025041511:06:11','%','0','20.00','no','0.00',NULL,'202504151106','',NULL,NULL,NULL,NULL,NULL,NULL,NULL,NULL,'Snacks','ladmin','ragesh',NULL,NULL,'',NULL,'20.00','','','','',NULL,'20.00'),(6,'vada','1.0','20.00','20.00','Item',NULL,NULL,'no',NULL,NULL,'20250415-1-000011','11:06:11 AM','2025 04 15','user1','1','  Takeaway','  Cash','245.00','245.00','8',NULL,NULL,NULL,NULL,'15 Apr 2025','2025041511:06:11','%','0','20.00','no','0.00',NULL,'202504151106','',NULL,NULL,NULL,NULL,NULL,NULL,NULL,NULL,'Snacks','ladmin','ragesh',NULL,NULL,'',NULL,'20.00','','','','',NULL,'20.00'),(7,'uthappam','1.0','30.00','30.00','Item',NULL,NULL,'no',NULL,NULL,'20250415-1-000011','11:06:11 AM','2025 04 15','user1','1','  Takeaway','  Cash','245.00','245.00','9',NULL,NULL,NULL,NULL,'15 Apr 2025','2025041511:06:11','%','0','30.00','no','0.00',NULL,'202504151106','',NULL,NULL,NULL,NULL,NULL,NULL,NULL,NULL,'Tiffin','ladmin','ragesh',NULL,NULL,'',NULL,'30.00','','','','',NULL,'30.00'),(8,'bread omlette','1.0','30.00','30.00','Item',NULL,NULL,'no',NULL,NULL,'20250415-1-000011','11:06:11 AM','2025 04 15','user1','1','  Takeaway','  Cash','245.00','245.00','10',NULL,NULL,NULL,NULL,'15 Apr 2025','2025041511:06:11','%','0','30.00','no','0.00',NULL,'202504151106','',NULL,NULL,NULL,NULL,NULL,NULL,NULL,NULL,'Tiffin','ladmin','ragesh',NULL,NULL,'',NULL,'30.00','','','','',NULL,'30.00'),(9,'onion dosa','1.0','35.00','35.00','Item',NULL,NULL,'no',NULL,NULL,'20250415-1-000011','11:06:11 AM','2025 04 15','user1','1','  Takeaway','  Cash','245.00','245.00','11',NULL,NULL,NULL,NULL,'15 Apr 2025','2025041511:06:11','%','0','35.00','no','0.00',NULL,'202504151106','',NULL,NULL,NULL,NULL,NULL,NULL,NULL,NULL,'Tiffin','ladmin','ragesh',NULL,NULL,'',NULL,'35.00','','','','',NULL,'35.00'),(10,'onion dosa','1.0','35.00','35.00','Item',NULL,NULL,'no',NULL,NULL,'20250417-1-000011','03:21:47 PM','2025 04 17','admin','1','  Dine-in','  Cash','145.00','145.00','1',NULL,NULL,NULL,NULL,'17 Apr 2025','2025041715:21:47','%','0','35.00','no','0.00',NULL,'202504171521','',NULL,NULL,NULL,NULL,NULL,NULL,NULL,NULL,'Tiffin','admin','madmin',NULL,NULL,'',NULL,'35.00','','','','',NULL,'35.00'),(11,'masal dosa','2.0','40.00','80.00','Item',NULL,NULL,'no',NULL,NULL,'20250417-1-000011','03:21:47 PM','2025 04 17','admin','1','  Dine-in','  Cash','145.00','145.00','2',NULL,NULL,NULL,NULL,'17 Apr 2025','2025041715:21:47','%','0','80.00','no','0.00',NULL,'202504171521','',NULL,NULL,NULL,NULL,NULL,NULL,NULL,NULL,'Tiffin','admin','madmin',NULL,NULL,'',NULL,'80.00','','','','',NULL,'40.00'),(12,'upma','1.0','30.00','30.00','Item',NULL,NULL,'no',NULL,NULL,'20250417-1-000011','03:21:47 PM','2025 04 17','admin','1','  Dine-in','  Cash','145.00','145.00','3',NULL,NULL,NULL,NULL,'17 Apr 2025','2025041715:21:47','%','0','30.00','no','0.00',NULL,'202504171521','',NULL,NULL,NULL,NULL,NULL,NULL,NULL,NULL,'Tiffin','admin','madmin',NULL,NULL,'',NULL,'30.00','','','','',NULL,'30.00'),(13,'sheekh kabab','2.0','80.00','160.00','Item',NULL,NULL,'no',NULL,NULL,'20250417-1-000021','03:23:14 PM','2025 04 17','admin','2','  Dine-in','  Cash','600.00','600.00','1',NULL,NULL,NULL,NULL,'17 Apr 2025','2025041715:23:14','%','0','160.00','no','0.00',NULL,'202504171523','',NULL,NULL,NULL,NULL,NULL,NULL,NULL,NULL,'Snacks','admin','madmin',NULL,NULL,'',NULL,'160.00','','','','',NULL,'80.00'),(14,'chicken kabab','7.0','60.00','420.00','Item',NULL,NULL,'no',NULL,NULL,'20250417-1-000021','03:23:14 PM','2025 04 17','admin','2','  Dine-in','  Cash','600.00','600.00','2',NULL,NULL,NULL,NULL,'17 Apr 2025','2025041715:23:14','%','0','420.00','no','0.00',NULL,'202504171523','',NULL,NULL,NULL,NULL,NULL,NULL,NULL,NULL,'Snacks','admin','madmin',NULL,NULL,'',NULL,'420.00','','','','',NULL,'60.00'),(15,'masal vada','1.0','20.00','20.00','Item',NULL,NULL,'no',NULL,NULL,'20250417-1-000021','03:23:14 PM','2025 04 17','admin','2','  Dine-in','  Cash','600.00','600.00','3',NULL,NULL,NULL,NULL,'17 Apr 2025','2025041715:23:14','%','0','20.00','no','0.00',NULL,'202504171523','',NULL,NULL,NULL,NULL,NULL,NULL,NULL,NULL,'Snacks','admin','madmin',NULL,NULL,'',NULL,'20.00','','','','',NULL,'20.00'),(16,'veg cutlet','2.0','40.00','80.00','Item',NULL,NULL,'no',NULL,NULL,'20250417-1-000031','03:23:28 PM','2025 04 17','admin','3','  Dine-in','  Cash','655.00','655.00','1',NULL,NULL,NULL,NULL,'17 Apr 2025','2025041715:23:28','%','0','80.00','no','0.00',NULL,'202504171523','',NULL,NULL,NULL,NULL,NULL,NULL,NULL,NULL,'Snacks','admin','madmin',NULL,NULL,'',NULL,'80.00','','','','',NULL,'40.00'),(17,'pav bhajji','1.0','60.00','60.00','Item',NULL,NULL,'no',NULL,NULL,'20250417-1-000031','03:23:28 PM','2025 04 17','admin','3','  Dine-in','  Cash','655.00','655.00','2',NULL,NULL,NULL,NULL,'17 Apr 2025','2025041715:23:28','%','0','60.00','no','0.00',NULL,'202504171523','',NULL,NULL,NULL,NULL,NULL,NULL,NULL,NULL,'Snacks','admin','madmin',NULL,NULL,'',NULL,'60.00','','','','',NULL,'60.00'),(18,'pani puri','1.0','35.00','35.00','Item',NULL,NULL,'no',NULL,NULL,'20250417-1-000031','03:23:28 PM','2025 04 17','admin','3','  Dine-in','  Cash','655.00','655.00','3',NULL,NULL,NULL,NULL,'17 Apr 2025','2025041715:23:28','%','0','35.00','no','0.00',NULL,'202504171523','',NULL,NULL,NULL,NULL,NULL,NULL,NULL,NULL,'Snacks','admin','madmin',NULL,NULL,'',NULL,'35.00','','','','',NULL,'35.00'),(19,'sheekh kabab','2.0','80.00','160.00','Item',NULL,NULL,'no',NULL,NULL,'20250417-1-000031','03:23:28 PM','2025 04 17','admin','3','  Dine-in','  Cash','655.00','655.00','4',NULL,NULL,NULL,NULL,'17 Apr 2025','2025041715:23:28','%','0','160.00','no','0.00',NULL,'202504171523','',NULL,NULL,NULL,NULL,NULL,NULL,NULL,NULL,'Snacks','admin','madmin',NULL,NULL,'',NULL,'160.00','','','','',NULL,'80.00'),(20,'samosa','1.0','20.00','20.00','Item',NULL,NULL,'no',NULL,NULL,'20250417-1-000031','03:23:28 PM','2025 04 17','admin','3','  Dine-in','  Cash','655.00','655.00','5',NULL,NULL,NULL,NULL,'17 Apr 2025','2025041715:23:28','%','0','20.00','no','0.00',NULL,'202504171523','',NULL,NULL,NULL,NULL,NULL,NULL,NULL,NULL,'Snacks','admin','madmin',NULL,NULL,'',NULL,'20.00','','','','',NULL,'20.00'),(21,'masal vada','1.0','20.00','20.00','Item',NULL,NULL,'no',NULL,NULL,'20250417-1-000031','03:23:28 PM','2025 04 17','admin','3','  Dine-in','  Cash','655.00','655.00','6',NULL,NULL,NULL,NULL,'17 Apr 2025','2025041715:23:28','%','0','20.00','no','0.00',NULL,'202504171523','',NULL,NULL,NULL,NULL,NULL,NULL,NULL,NULL,'Snacks','admin','madmin',NULL,NULL,'',NULL,'20.00','','','','',NULL,'20.00'),(22,'uthappam','1.0','30.00','30.00','Item',NULL,NULL,'no',NULL,NULL,'20250417-1-000031','03:23:28 PM','2025 04 17','admin','3','  Dine-in','  Cash','655.00','655.00','7',NULL,NULL,NULL,NULL,'17 Apr 2025','2025041715:23:28','%','0','30.00','no','0.00',NULL,'202504171523','',NULL,NULL,NULL,NULL,NULL,NULL,NULL,NULL,'Tiffin','admin','madmin',NULL,NULL,'',NULL,'30.00','','','','',NULL,'30.00'),(23,'bread omlette','1.0','30.00','30.00','Item',NULL,NULL,'no',NULL,NULL,'20250417-1-000031','03:23:28 PM','2025 04 17','admin','3','  Dine-in','  Cash','655.00','655.00','8',NULL,NULL,NULL,NULL,'17 Apr 2025','2025041715:23:28','%','0','30.00','no','0.00',NULL,'202504171523','',NULL,NULL,NULL,NULL,NULL,NULL,NULL,NULL,'Tiffin','admin','madmin',NULL,NULL,'',NULL,'30.00','','','','',NULL,'30.00'),(24,'onion dosa','1.0','35.00','35.00','Item',NULL,NULL,'no',NULL,NULL,'20250417-1-000031','03:23:28 PM','2025 04 17','admin','3','  Dine-in','  Cash','655.00','655.00','9',NULL,NULL,NULL,NULL,'17 Apr 2025','2025041715:23:28','%','0','35.00','no','0.00',NULL,'202504171523','',NULL,NULL,NULL,NULL,NULL,NULL,NULL,NULL,'Tiffin','admin','madmin',NULL,NULL,'',NULL,'35.00','','','','',NULL,'35.00'),(25,'rava dosa','1.0','35.00','35.00','Item',NULL,NULL,'no',NULL,NULL,'20250417-1-000031','03:23:28 PM','2025 04 17','admin','3','  Dine-in','  Cash','655.00','655.00','10',NULL,NULL,NULL,NULL,'17 Apr 2025','2025041715:23:28','%','0','35.00','no','0.00',NULL,'202504171523','',NULL,NULL,NULL,NULL,NULL,NULL,NULL,NULL,'Tiffin','admin','madmin',NULL,NULL,'',NULL,'35.00','','','','',NULL,'35.00'),(26,'veg thali','1.0','50.00','50.00','Item',NULL,NULL,'no',NULL,NULL,'20250417-1-000031','03:23:28 PM','2025 04 17','admin','3','  Dine-in','  Cash','655.00','655.00','11',NULL,NULL,NULL,NULL,'17 Apr 2025','2025041715:23:28','%','0','50.00','no','0.00',NULL,'202504171523','',NULL,NULL,NULL,NULL,NULL,NULL,NULL,NULL,'Main course','admin','madmin',NULL,NULL,'',NULL,'50.00','','','','',NULL,'50.00'),(27,'chicken biriyani','1.0','100.00','100.00','Item',NULL,NULL,'no',NULL,NULL,'20250417-1-000031','03:23:28 PM','2025 04 17','admin','3','  Dine-in','  Cash','655.00','655.00','12',NULL,NULL,NULL,NULL,'17 Apr 2025','2025041715:23:28','%','0','100.00','no','0.00',NULL,'202504171523','',NULL,NULL,NULL,NULL,NULL,NULL,NULL,NULL,'Main course','admin','madmin',NULL,NULL,'',NULL,'100.00','','','','',NULL,'100.00'),(28,'soft drinks','1.0','10.00','10.00','Item',NULL,NULL,'no',NULL,NULL,'20250417-1-000032','03:23:38 PM','2025 04 17','admin','3','  Dine-in','  Cash','125.00','125.00','13',NULL,NULL,NULL,NULL,'17 Apr 2025','2025041715:23:38','%','0','10.00','no','0.00',NULL,'202504171523','',NULL,NULL,NULL,NULL,NULL,NULL,NULL,NULL,'Drinks','admin','madmin',NULL,NULL,'',NULL,'10.00','','','','',NULL,'10.00'),(29,'grape juice','1.0','25.00','25.00','Item',NULL,NULL,'no',NULL,NULL,'20250417-1-000032','03:23:38 PM','2025 04 17','admin','3','  Dine-in','  Cash','125.00','125.00','14',NULL,NULL,NULL,NULL,'17 Apr 2025','2025041715:23:38','%','0','25.00','no','0.00',NULL,'202504171523','',NULL,NULL,NULL,NULL,NULL,NULL,NULL,NULL,'Drinks','admin','madmin',NULL,NULL,'',NULL,'25.00','','','','',NULL,'25.00'),(30,'vanilla icecream','1.0','35.00','35.00','Item',NULL,NULL,'no',NULL,NULL,'20250417-1-000032','03:23:38 PM','2025 04 17','admin','3','  Dine-in','  Cash','125.00','125.00','15',NULL,NULL,NULL,NULL,'17 Apr 2025','2025041715:23:38','%','0','35.00','no','0.00',NULL,'202504171523','',NULL,NULL,NULL,NULL,NULL,NULL,NULL,NULL,'Desserts','admin','madmin',NULL,NULL,'',NULL,'35.00','','','','',NULL,'35.00'),(31,'butterscotch icecream','1.0','40.00','40.00','Item',NULL,NULL,'no',NULL,NULL,'20250417-1-000032','03:23:38 PM','2025 04 17','admin','3','  Dine-in','  Cash','125.00','125.00','16',NULL,NULL,NULL,NULL,'17 Apr 2025','2025041715:23:38','%','0','40.00','no','0.00',NULL,'202504171523','',NULL,NULL,NULL,NULL,NULL,NULL,NULL,NULL,'Desserts','admin','madmin',NULL,NULL,'',NULL,'40.00','','','','',NULL,'40.00'),(32,'lime juice','1.0','15.00','15.00','Item',NULL,NULL,'no',NULL,NULL,'20250417-1-000032','03:23:38 PM','2025 04 17','admin','3','  Dine-in','  Cash','125.00','125.00','17',NULL,NULL,NULL,NULL,'17 Apr 2025','2025041715:23:38','%','0','15.00','no','0.00',NULL,'202504171523','',NULL,NULL,NULL,NULL,NULL,NULL,NULL,NULL,'Drinks','admin','madmin',NULL,NULL,'',NULL,'15.00','','','','',NULL,'15.00'),(33,'coffee','1.0','20.00','20.00','Item',NULL,NULL,'no',NULL,NULL,'20250417-1-000012','03:36:43 PM','2025 04 17','admin','1','  Dine-in','  Upiqr','190.00','190.00','4',NULL,NULL,NULL,NULL,'17 Apr 2025','2025041715:36:43','%','0','20.00','no','0.00',NULL,'202504171536','',NULL,NULL,NULL,NULL,NULL,NULL,NULL,NULL,'Drinks','ragesh','ragesh','0',NULL,'',NULL,'20.00','','','','',NULL,'20.00'),(34,'rava dosa','2.0','35.00','70.00','Item',NULL,NULL,'no',NULL,NULL,'20250417-1-000012','03:36:43 PM','2025 04 17','admin','1','  Dine-in','  Upiqr','190.00','190.00','5',NULL,NULL,NULL,NULL,'17 Apr 2025','2025041715:36:43','%','0','70.00','no','0.00',NULL,'202504171536','',NULL,NULL,NULL,NULL,NULL,NULL,NULL,NULL,'Tiffin','ragesh','ragesh','0',NULL,'',NULL,'70.00','','','','',NULL,'35.00'),(35,'onion dosa','2.0','35.00','70.00','Item',NULL,NULL,'no',NULL,NULL,'20250417-1-000012','03:36:43 PM','2025 04 17','admin','1','  Dine-in','  Upiqr','190.00','190.00','6',NULL,NULL,NULL,NULL,'17 Apr 2025','2025041715:36:43','%','0','70.00','no','0.00',NULL,'202504171536','',NULL,NULL,NULL,NULL,NULL,NULL,NULL,NULL,'Tiffin','ragesh','ragesh','0',NULL,'',NULL,'70.00','','','','',NULL,'35.00'),(36,'bread omlette','1.0','30.00','30.00','Item',NULL,NULL,'no',NULL,NULL,'20250417-1-000012','03:36:43 PM','2025 04 17','admin','1','  Dine-in','  Upiqr','190.00','190.00','7',NULL,NULL,NULL,NULL,'17 Apr 2025','2025041715:36:43','%','0','30.00','no','0.00',NULL,'202504171536','',NULL,NULL,NULL,NULL,NULL,NULL,NULL,NULL,'Tiffin','ragesh','ragesh','0',NULL,'',NULL,'30.00','','','','',NULL,'30.00'),(37,'masal dosa','1.0','40.00','40.00','Item',NULL,NULL,'no',NULL,NULL,'20250417-1-000013','03:37:18 PM','2025 04 17','admin','1','  Dine-in','  Card','235.00','235.00','8',NULL,NULL,NULL,NULL,'17 Apr 2025','2025041715:37:18','%','0','40.00','no','0.00',NULL,'202504171537','',NULL,NULL,NULL,NULL,NULL,NULL,NULL,NULL,'Tiffin','ragesh','ragesh','0',NULL,'',NULL,'40.00','','','','',NULL,'40.00'),(38,'uthappam','1.0','30.00','30.00','Item',NULL,NULL,'no',NULL,NULL,'20250417-1-000013','03:37:18 PM','2025 04 17','admin','1','  Dine-in','  Card','235.00','235.00','9',NULL,NULL,NULL,NULL,'17 Apr 2025','2025041715:37:18','%','0','30.00','no','0.00',NULL,'202504171537','',NULL,NULL,NULL,NULL,NULL,NULL,NULL,NULL,'Tiffin','ragesh','ragesh','0',NULL,'',NULL,'30.00','','','','',NULL,'30.00'),(39,'vada','1.0','20.00','20.00','Item',NULL,NULL,'no',NULL,NULL,'20250417-1-000013','03:37:18 PM','2025 04 17','admin','1','  Dine-in','  Card','235.00','235.00','10',NULL,NULL,NULL,NULL,'17 Apr 2025','2025041715:37:18','%','0','20.00','no','0.00',NULL,'202504171537','',NULL,NULL,NULL,NULL,NULL,NULL,NULL,NULL,'Snacks','ragesh','ragesh','0',NULL,'',NULL,'20.00','','','','',NULL,'20.00'),(40,'bread omlette','1.0','30.00','30.00','Item',NULL,NULL,'no',NULL,NULL,'20250417-1-000013','03:37:18 PM','2025 04 17','admin','1','  Dine-in','  Card','235.00','235.00','11',NULL,NULL,NULL,NULL,'17 Apr 2025','2025041715:37:18','%','0','30.00','no','0.00',NULL,'202504171537','',NULL,NULL,NULL,NULL,NULL,NULL,NULL,NULL,'Tiffin','ragesh','ragesh','0',NULL,'',NULL,'30.00','','','','',NULL,'30.00'),(41,'upma','1.0','30.00','30.00','Item',NULL,NULL,'no',NULL,NULL,'20250417-1-000013','03:37:18 PM','2025 04 17','admin','1','  Dine-in','  Card','235.00','235.00','12',NULL,NULL,NULL,NULL,'17 Apr 2025','2025041715:37:18','%','0','30.00','no','0.00',NULL,'202504171537','',NULL,NULL,NULL,NULL,NULL,NULL,NULL,NULL,'Tiffin','ragesh','ragesh','0',NULL,'',NULL,'30.00','','','','',NULL,'30.00'),(42,'pongal','1.0','30.00','30.00','Item',NULL,NULL,'no',NULL,NULL,'20250417-1-000013','03:37:18 PM','2025 04 17','admin','1','  Dine-in','  Card','235.00','235.00','13',NULL,NULL,NULL,NULL,'17 Apr 2025','2025041715:37:18','%','0','30.00','no','0.00',NULL,'202504171537','',NULL,NULL,NULL,NULL,NULL,NULL,NULL,NULL,'Tiffin','ragesh','ragesh','0',NULL,'',NULL,'30.00','','','','',NULL,'30.00'),(43,'dosa','1.0','35.00','35.00','Item',NULL,NULL,'no',NULL,NULL,'20250417-1-000013','03:37:18 PM','2025 04 17','admin','1','  Dine-in','  Card','235.00','235.00','14',NULL,NULL,NULL,NULL,'17 Apr 2025','2025041715:37:18','%','0','35.00','no','0.00',NULL,'202504171537','',NULL,NULL,NULL,NULL,NULL,NULL,NULL,NULL,'Tiffin','ragesh','ragesh','0',NULL,'',NULL,'35.00','','','','',NULL,'35.00'),(44,'masal vada','1.0','20.00','20.00','Item',NULL,NULL,'no',NULL,NULL,'20250417-1-000013','03:37:18 PM','2025 04 17','admin','1','  Dine-in','  Card','235.00','235.00','15',NULL,NULL,NULL,NULL,'17 Apr 2025','2025041715:37:18','%','0','20.00','no','0.00',NULL,'202504171537','',NULL,NULL,NULL,NULL,NULL,NULL,NULL,NULL,'Snacks','ragesh','ragesh','0',NULL,'',NULL,'20.00','','','','',NULL,'20.00'),(45,'dosa','2.0','35.00','70.00','Item',NULL,NULL,'no',NULL,NULL,'20250417-1-000014','03:40:36 PM','2025 04 17','admin','1','  Takeaway','  Upiqr','1120.00','1120.00','16',NULL,NULL,NULL,NULL,'17 Apr 2025','2025041715:40:36','%','0','70.00','no','0.00',NULL,'202504171540','',NULL,NULL,NULL,NULL,NULL,NULL,NULL,NULL,'Tiffin','user2','raja','0',NULL,'',NULL,'70.00','','','','',NULL,'35.00'),(46,'masal dosa','4.0','40.00','160.00','Item',NULL,NULL,'no',NULL,NULL,'20250417-1-000014','03:40:36 PM','2025 04 17','admin','1','  Takeaway','  Upiqr','1120.00','1120.00','17',NULL,NULL,NULL,NULL,'17 Apr 2025','2025041715:40:36','%','0','160.00','no','0.00',NULL,'202504171540','',NULL,NULL,NULL,NULL,NULL,NULL,NULL,NULL,'Tiffin','user2','raja','0',NULL,'',NULL,'160.00','','','','',NULL,'40.00'),(47,'vada','2.0','20.00','40.00','Item',NULL,NULL,'no',NULL,NULL,'20250417-1-000014','03:40:36 PM','2025 04 17','admin','1','  Takeaway','  Upiqr','1120.00','1120.00','18',NULL,NULL,NULL,NULL,'17 Apr 2025','2025041715:40:36','%','0','40.00','no','0.00',NULL,'202504171540','',NULL,NULL,NULL,NULL,NULL,NULL,NULL,NULL,'Snacks','user2','raja','0',NULL,'',NULL,'40.00','','','','',NULL,'20.00'),(48,'rava dosa','2.0','35.00','70.00','Item',NULL,NULL,'no',NULL,NULL,'20250417-1-000014','03:40:36 PM','2025 04 17','admin','1','  Takeaway','  Upiqr','1120.00','1120.00','19',NULL,NULL,NULL,NULL,'17 Apr 2025','2025041715:40:36','%','0','70.00','no','0.00',NULL,'202504171540','',NULL,NULL,NULL,NULL,NULL,NULL,NULL,NULL,'Tiffin','user2','raja','0',NULL,'',NULL,'70.00','','','','',NULL,'35.00'),(49,'upma','2.0','30.00','60.00','Item',NULL,NULL,'no',NULL,NULL,'20250417-1-000014','03:40:36 PM','2025 04 17','admin','1','  Takeaway','  Upiqr','1120.00','1120.00','20',NULL,NULL,NULL,NULL,'17 Apr 2025','2025041715:40:36','%','0','60.00','no','0.00',NULL,'202504171540','',NULL,NULL,NULL,NULL,NULL,NULL,NULL,NULL,'Tiffin','user2','raja','0',NULL,'',NULL,'60.00','','','','',NULL,'30.00'),(50,'idly','2.0','25.00','50.00','Item',NULL,NULL,'no',NULL,NULL,'20250417-1-000014','03:40:36 PM','2025 04 17','admin','1','  Takeaway','  Upiqr','1120.00','1120.00','21',NULL,NULL,NULL,NULL,'17 Apr 2025','2025041715:40:36','%','0','50.00','no','0.00',NULL,'202504171540','',NULL,NULL,NULL,NULL,NULL,NULL,NULL,NULL,'Tiffin','user2','raja','0',NULL,'',NULL,'50.00','','','','',NULL,'25.00'),(51,'masal vada','2.0','20.00','40.00','Item',NULL,NULL,'no',NULL,NULL,'20250417-1-000014','03:40:36 PM','2025 04 17','admin','1','  Takeaway','  Upiqr','1120.00','1120.00','22',NULL,NULL,NULL,NULL,'17 Apr 2025','2025041715:40:36','%','0','40.00','no','0.00',NULL,'202504171540','',NULL,NULL,NULL,NULL,NULL,NULL,NULL,NULL,'Snacks','user2','raja','0',NULL,'',NULL,'40.00','','','','',NULL,'20.00'),(52,'onion dosa','1.0','35.00','35.00','Item',NULL,NULL,'no',NULL,NULL,'20250417-1-000014','03:40:36 PM','2025 04 17','admin','1','  Takeaway','  Upiqr','1120.00','1120.00','23',NULL,NULL,NULL,NULL,'17 Apr 2025','2025041715:40:36','%','0','35.00','no','0.00',NULL,'202504171540','',NULL,NULL,NULL,NULL,NULL,NULL,NULL,NULL,'Tiffin','user2','raja','0',NULL,'',NULL,'35.00','','','','',NULL,'35.00'),(53,'poori','1.0','35.00','35.00','Item',NULL,NULL,'no',NULL,NULL,'20250417-1-000014','03:40:36 PM','2025 04 17','admin','1','  Takeaway','  Upiqr','1120.00','1120.00','24',NULL,NULL,NULL,NULL,'17 Apr 2025','2025041715:40:36','%','0','35.00','no','0.00',NULL,'202504171540','',NULL,NULL,NULL,NULL,NULL,NULL,NULL,NULL,'Tiffin','user2','raja','0',NULL,'',NULL,'35.00','','','','',NULL,'35.00'),(54,'pongal','2.0','30.00','60.00','Item',NULL,NULL,'no',NULL,NULL,'20250417-1-000014','03:40:36 PM','2025 04 17','admin','1','  Takeaway','  Upiqr','1120.00','1120.00','25',NULL,NULL,NULL,NULL,'17 Apr 2025','2025041715:40:36','%','0','60.00','no','0.00',NULL,'202504171540','',NULL,NULL,NULL,NULL,NULL,NULL,NULL,NULL,'Tiffin','user2','raja','0',NULL,'',NULL,'60.00','','','','',NULL,'30.00'),(55,'masala chai','1.0','25.00','25.00','Item',NULL,NULL,'no',NULL,NULL,'20250417-1-000014','03:40:36 PM','2025 04 17','admin','1','  Takeaway','  Upiqr','1120.00','1120.00','26',NULL,NULL,NULL,NULL,'17 Apr 2025','2025041715:40:36','%','0','25.00','no','0.00',NULL,'202504171540','',NULL,NULL,NULL,NULL,NULL,NULL,NULL,NULL,'Drinks','user2','raja','0',NULL,'',NULL,'25.00','','','','',NULL,'25.00'),(56,'lime juice','2.0','15.00','30.00','Item',NULL,NULL,'no',NULL,NULL,'20250417-1-000014','03:40:36 PM','2025 04 17','admin','1','  Takeaway','  Upiqr','1120.00','1120.00','27',NULL,NULL,NULL,NULL,'17 Apr 2025','2025041715:40:36','%','0','30.00','no','0.00',NULL,'202504171540','',NULL,NULL,NULL,NULL,NULL,NULL,NULL,NULL,'Drinks','user2','raja','0',NULL,'',NULL,'30.00','','','','',NULL,'15.00'),(57,'tea','6.0','20.00','120.00','Item',NULL,NULL,'no',NULL,NULL,'20250417-1-000014','03:40:36 PM','2025 04 17','admin','1','  Takeaway','  Upiqr','1120.00','1120.00','28',NULL,NULL,NULL,NULL,'17 Apr 2025','2025041715:40:36','%','0','120.00','no','0.00',NULL,'202504171540','',NULL,NULL,NULL,NULL,NULL,NULL,NULL,NULL,'Drinks','user2','raja','0',NULL,'',NULL,'120.00','','','','',NULL,'20.00'),(58,'coffee','1.0','20.00','20.00','Item',NULL,NULL,'no',NULL,NULL,'20250417-1-000014','03:40:36 PM','2025 04 17','admin','1','  Takeaway','  Upiqr','1120.00','1120.00','29',NULL,NULL,NULL,NULL,'17 Apr 2025','2025041715:40:36','%','0','20.00','no','0.00',NULL,'202504171540','',NULL,NULL,NULL,NULL,NULL,NULL,NULL,NULL,'Drinks','user2','raja','0',NULL,'',NULL,'20.00','','','','',NULL,'20.00'),(59,'soft drinks','1.0','10.00','10.00','Item',NULL,NULL,'no',NULL,NULL,'20250417-1-000014','03:40:36 PM','2025 04 17','admin','1','  Takeaway','  Upiqr','1120.00','1120.00','30',NULL,NULL,NULL,NULL,'17 Apr 2025','2025041715:40:36','%','0','10.00','no','0.00',NULL,'202504171540','',NULL,NULL,NULL,NULL,NULL,NULL,NULL,NULL,'Drinks','user2','raja','0',NULL,'',NULL,'10.00','','','','',NULL,'10.00'),(60,'butterscotch cake','2.0','35.00','70.00','Item',NULL,NULL,'no',NULL,NULL,'20250417-1-000014','03:40:36 PM','2025 04 17','admin','1','  Takeaway','  Upiqr','1120.00','1120.00','31',NULL,NULL,NULL,NULL,'17 Apr 2025','2025041715:40:36','%','0','70.00','no','0.00',NULL,'202504171540','',NULL,NULL,NULL,NULL,NULL,NULL,NULL,NULL,'Desserts','user2','raja','0',NULL,'',NULL,'70.00','','','','',NULL,'35.00'),(61,'vanilla icecream','1.0','35.00','35.00','Item',NULL,NULL,'no',NULL,NULL,'20250417-1-000014','03:40:36 PM','2025 04 17','admin','1','  Takeaway','  Upiqr','1120.00','1120.00','32',NULL,NULL,NULL,NULL,'17 Apr 2025','2025041715:40:36','%','0','35.00','no','0.00',NULL,'202504171540','',NULL,NULL,NULL,NULL,NULL,NULL,NULL,NULL,'Desserts','user2','raja','0',NULL,'',NULL,'35.00','','','','',NULL,'35.00'),(62,'butterscotch icecream','1.0','40.00','40.00','Item',NULL,NULL,'no',NULL,NULL,'20250417-1-000014','03:40:36 PM','2025 04 17','admin','1','  Takeaway','  Upiqr','1120.00','1120.00','33',NULL,NULL,NULL,NULL,'17 Apr 2025','2025041715:40:36','%','0','40.00','no','0.00',NULL,'202504171540','',NULL,NULL,NULL,NULL,NULL,NULL,NULL,NULL,'Desserts','user2','raja','0',NULL,'',NULL,'40.00','','','','',NULL,'40.00'),(63,'grape juice','1.0','25.00','25.00','Item',NULL,NULL,'no',NULL,NULL,'20250417-1-000014','03:40:36 PM','2025 04 17','admin','1','  Takeaway','  Upiqr','1120.00','1120.00','34',NULL,NULL,NULL,NULL,'17 Apr 2025','2025041715:40:36','%','0','25.00','no','0.00',NULL,'202504171540','',NULL,NULL,NULL,NULL,NULL,NULL,NULL,NULL,'Drinks','user2','raja','0',NULL,'',NULL,'25.00','','','','',NULL,'25.00'),(64,'roti','1.0','15.00','15.00','Item',NULL,NULL,'no',NULL,NULL,'20250417-1-000014','03:40:36 PM','2025 04 17','admin','1','  Takeaway','  Upiqr','1120.00','1120.00','35',NULL,NULL,NULL,NULL,'17 Apr 2025','2025041715:40:36','%','0','15.00','no','0.00',NULL,'202504171540','',NULL,NULL,NULL,NULL,NULL,NULL,NULL,NULL,'Main course','user2','raja','0',NULL,'',NULL,'15.00','','','','',NULL,'15.00'),(65,'rice','1.0','30.00','30.00','Item',NULL,NULL,'no',NULL,NULL,'20250417-1-000014','03:40:36 PM','2025 04 17','admin','1','  Takeaway','  Upiqr','1120.00','1120.00','36',NULL,NULL,NULL,NULL,'17 Apr 2025','2025041715:40:36','%','0','30.00','no','0.00',NULL,'202504171540','',NULL,NULL,NULL,NULL,NULL,NULL,NULL,NULL,'Main course','user2','raja','0',NULL,'',NULL,'30.00','','','','',NULL,'30.00'),(66,'non veg thali','1.0','80.00','80.00','Item',NULL,NULL,'no',NULL,NULL,'20250417-1-000014','03:40:36 PM','2025 04 17','admin','1','  Takeaway','  Upiqr','1120.00','1120.00','37',NULL,NULL,NULL,NULL,'17 Apr 2025','2025041715:40:36','%','0','80.00','no','0.00',NULL,'202504171540','',NULL,NULL,NULL,NULL,NULL,NULL,NULL,NULL,'Main course','user2','raja','0',NULL,'',NULL,'80.00','','','','',NULL,'80.00');
INSERT INTO `billcount` (`_id`, `value`) VALUES (1,'0');
INSERT INTO `billnumber` (`_id`, `billnumber`, `total`, `user`, `date`, `paymentmethod`, `billtype`, `subtotal`, `taxtotal`, `roundoff`, `globaltaxtotal`, `billcount`, `datetimee_new`, `comments_sales`, `delivery_fee`, `packing_charges`, `loyalty_points`, `loyalty_amount`, `order_id`) VALUES (1,'20250415-1-000011','245.00','user1','2025 04 15','  Cash','  Takeaway','245.00','0.00','0.00','0.0','1','202504151106',NULL,NULL,NULL,NULL,NULL,NULL),(2,'20250417-1-000011','145.00','admin','2025 04 17','  Cash','  Dine-in','145.00','0.00','0.00','0.0','2','202504171521',NULL,NULL,NULL,NULL,NULL,NULL),(3,'20250417-1-000021','600.00','admin','2025 04 17','  Cash','  Dine-in','600.00','0.00','0.00','0.0','3','202504171523',NULL,NULL,NULL,NULL,NULL,NULL),(4,'20250417-1-000031','655.00','admin','2025 04 17','  Cash','  Dine-in','655.00','0.00','0.00','0.0','4','202504171523',NULL,NULL,NULL,NULL,NULL,NULL),(5,'20250417-1-000032','125.00','admin','2025 04 17','  Cash','  Dine-in','125.00','0.00','0.00','0.0','5','202504171523',NULL,NULL,NULL,NULL,NULL,NULL),(6,'20250417-1-000012','190.00','admin','2025 04 17','  Upiqr','  Dine-in','190.00','0.00','0.00','0.0','6','202504171536',NULL,NULL,NULL,NULL,NULL,NULL),(7,'20250417-1-000013','235.00','admin','2025 04 17','  Card','  Dine-in','235.00','0.00','0.00','0.0','7','202504171537',NULL,NULL,NULL,NULL,NULL,NULL),(8,'20250417-1-000014','1120.00','admin','2025 04 17','  Upiqr','  Takeaway','1120.00','0.00','0.00','0.0','8','202504171540',NULL,NULL,NULL,NULL,NULL,NULL);
INSERT INTO `clicked_cust_name` (`_id`, `name`) VALUES (1,'');
INSERT INTO `itemdata` (`_id`, `itemname`, `total`) VALUES (1,'bread omlette',30),(2,'idly',5),(3,'masal dosa',40),(4,'masal vada',20),(5,'onion dosa',35),(6,'pongal',30),(7,'rava dosa',35),(8,'uthappam',30),(9,'vada',20),(10,'pani puri',35),(11,'pav bhajji',60),(12,'rava dosa',35),(13,'samosa',20),(14,'sheekh kabab',320),(15,'soft drinks',10),(16,'upma',30),(17,'uthappam',30),(18,'vanilla icecream',35),(19,'veg cutlet',80),(20,'veg thali',50);
INSERT INTO `itemwiseorderlistitems` (`_id`, `itemno`, `itemname`, `sales`, `salespercentage`, `itemtotalquan`, `category`, `i_buying_price`, `mi_buying_price`, `i_cost_value`, `i_cost_percent`, `mi_cost_value`, `mi_cost_percent`, `barcode_value`) VALUES (1,'7','bread omlette',30,12,'1','Tiffin',NULL,NULL,NULL,NULL,NULL,NULL,NULL),(2,'1','idly',5,2,'1','Tiffin',NULL,NULL,NULL,NULL,NULL,NULL,NULL),(3,'6','masal dosa',40,16,'1','Tiffin',NULL,NULL,NULL,NULL,NULL,NULL,NULL),(4,'12','masal vada',20,8,'1','Snacks',NULL,NULL,NULL,NULL,NULL,NULL,NULL),(5,'8','onion dosa',35,14,'1','Tiffin',NULL,NULL,NULL,NULL,NULL,NULL,NULL),(6,'3','pongal',30,12,'1','Tiffin',NULL,NULL,NULL,NULL,NULL,NULL,NULL),(7,'9','rava dosa',35,14,'1','Tiffin',NULL,NULL,NULL,NULL,NULL,NULL,NULL),(8,'10','uthappam',30,12,'1','Tiffin',NULL,NULL,NULL,NULL,NULL,NULL,NULL),(9,'11','vada',20,8,'1','Snacks',NULL,NULL,NULL,NULL,NULL,NULL,NULL),(10,'16','pani puri',35,2,'1',NULL,NULL,NULL,NULL,NULL,NULL,NULL,NULL),(11,'17','pav bhajji',60,4,'1',NULL,NULL,NULL,NULL,NULL,NULL,NULL,NULL),(12,'9','rava dosa',35,2,'1',NULL,NULL,NULL,NULL,NULL,NULL,NULL,NULL),(13,'13','samosa',20,1,'1',NULL,NULL,NULL,NULL,NULL,NULL,NULL,NULL),(14,'15','sheekh kabab',320,21,'4',NULL,NULL,NULL,NULL,NULL,NULL,NULL,NULL),(15,'34','soft drinks',10,1,'1',NULL,NULL,NULL,NULL,NULL,NULL,NULL,NULL),(16,'4','upma',30,2,'1',NULL,NULL,NULL,NULL,NULL,NULL,NULL,NULL),(17,'10','uthappam',30,2,'1',NULL,NULL,NULL,NULL,NULL,NULL,NULL,NULL),(18,'38','vanilla icecream',35,2,'1',NULL,NULL,NULL,NULL,NULL,NULL,NULL,NULL),(19,'18','veg cutlet',80,5,'2',NULL,NULL,NULL,NULL,NULL,NULL,NULL,NULL),(20,'23','veg thali',50,3,'1',NULL,NULL,NULL,NULL,NULL,NULL,NULL,NULL);
INSERT INTO `top_category` (`_id`, `category`, `value`) VALUES (1,'Snacks',40),(2,'Tiffin',205),(3,'Snacks',40),(4,'Tiffin',205),(5,'Desserts',75),(6,'Drinks',50),(7,'Main course',150),(8,'Snacks',975),(9,'Tiffin',275);
INSERT INTO `userdata` (`_id`, `username`, `total`) VALUES (1,'user1',245);
INSERT INTO `userwiseorderlistitems` (`_id`, `username`, `sales`, `salespercentage`) VALUES (1,'User1',245,100);
